CRAN Package Check Results for Package fcuk

Last updated on 2022-05-19 06:58:16 CEST.

Flavor Version Tinstall Tcheck Ttotal Status Flags
r-devel-linux-x86_64-debian-clang 0.1.21 4.81 64.16 68.97 NOTE
r-devel-linux-x86_64-debian-gcc 0.1.21 3.46 47.39 50.85 NOTE
r-devel-linux-x86_64-fedora-clang 0.1.21 80.84 NOTE
r-devel-linux-x86_64-fedora-gcc 0.1.21 89.29 NOTE
r-devel-windows-x86_64 0.1.21 11.00 96.00 107.00 NOTE
r-patched-linux-x86_64 0.1.21 4.35 58.94 63.29 NOTE
r-release-linux-x86_64 0.1.21 2.99 59.83 62.82 NOTE
r-release-macos-arm64 0.1.21 29.00 NOTE
r-release-macos-x86_64 0.1.21 44.00 NOTE
r-release-windows-x86_64 0.1.21 11.00 94.00 105.00 NOTE
r-oldrel-macos-arm64 0.1.21 32.00 NOTE
r-oldrel-macos-x86_64 0.1.21 50.00 NOTE
r-oldrel-windows-ix86+x86_64 0.1.21 10.00 60.00 70.00 NOTE

Check Details

Version: 0.1.21
Check: LazyData
Result: NOTE
     'LazyData' is specified without a 'data' directory
Flavors: r-devel-linux-x86_64-debian-clang, r-devel-linux-x86_64-debian-gcc, r-devel-linux-x86_64-fedora-clang, r-devel-linux-x86_64-fedora-gcc, r-devel-windows-x86_64, r-patched-linux-x86_64, r-release-linux-x86_64, r-release-macos-arm64, r-release-macos-x86_64, r-release-windows-x86_64, r-oldrel-macos-arm64, r-oldrel-macos-x86_64, r-oldrel-windows-ix86+x86_64

Version: 0.1.21
Check: for non-standard things in the check directory
Result: NOTE
    Found the following files/directories:
     '.Rprofile'
Flavors: r-devel-linux-x86_64-debian-clang, r-devel-linux-x86_64-debian-gcc, r-devel-linux-x86_64-fedora-clang, r-devel-linux-x86_64-fedora-gcc, r-patched-linux-x86_64, r-release-linux-x86_64