Last updated on 2022-05-29 06:51:31 CEST.
Flavor | Version | Tinstall | Tcheck | Ttotal | Status | Flags |
---|---|---|---|---|---|---|
r-devel-linux-x86_64-debian-clang | 2.0.2 | 46.11 | 264.76 | 310.87 | OK | |
r-devel-linux-x86_64-debian-gcc | 2.0.2 | 40.96 | 199.12 | 240.08 | OK | |
r-devel-linux-x86_64-fedora-clang | 2.0.2 | 371.42 | NOTE | |||
r-devel-linux-x86_64-fedora-gcc | 2.0.2 | 368.59 | NOTE | |||
r-devel-windows-x86_64 | 2.0.2 | 126.00 | 282.00 | 408.00 | OK | |
r-patched-linux-x86_64 | 2.0.2 | 56.15 | 257.19 | 313.34 | OK | |
r-release-linux-x86_64 | 2.0.2 | 31.47 | 257.73 | 289.20 | OK | |
r-release-macos-arm64 | 2.0.2 | 86.00 | NOTE | |||
r-release-macos-x86_64 | 2.0.2 | 144.00 | NOTE | |||
r-release-windows-x86_64 | 2.0.2 | 142.00 | 280.00 | 422.00 | OK | |
r-oldrel-macos-arm64 | 2.0.2 | 104.00 | NOTE | |||
r-oldrel-macos-x86_64 | 2.0.2 | 158.00 | NOTE | |||
r-oldrel-windows-ix86+x86_64 | 2.0.2 | 81.00 | 324.00 | 405.00 | OK |
Version: 2.0.2
Check: data for non-ASCII characters
Result: NOTE
Note: found 76 marked UTF-8 strings
Flavors: r-devel-linux-x86_64-fedora-clang, r-devel-linux-x86_64-fedora-gcc, r-release-macos-arm64, r-release-macos-x86_64, r-oldrel-macos-arm64, r-oldrel-macos-x86_64