CRAN Package Check Results for Package ffstream

Last updated on 2022-05-18 00:53:12 CEST.

Flavor Version Tinstall Tcheck Ttotal Status Flags
r-devel-linux-x86_64-debian-clang 0.1.6 120.38 88.62 209.00 NOTE
r-devel-linux-x86_64-debian-gcc 0.1.6 102.88 65.95 168.83 NOTE
r-devel-linux-x86_64-fedora-clang 0.1.6 305.47 NOTE
r-devel-linux-x86_64-fedora-gcc 0.1.6 273.68 NOTE
r-devel-windows-x86_64 0.1.6 155.00 131.00 286.00 NOTE
r-patched-linux-x86_64 0.1.6 105.96 84.38 190.34 NOTE
r-release-linux-x86_64 0.1.6 114.42 83.89 198.31 NOTE
r-release-macos-arm64 0.1.6 67.00 NOTE
r-release-macos-x86_64 0.1.6 90.00 NOTE
r-release-windows-x86_64 0.1.6 151.00 130.00 281.00 NOTE
r-oldrel-macos-arm64 0.1.6 74.00 NOTE
r-oldrel-macos-x86_64 0.1.6 112.00 NOTE
r-oldrel-windows-ix86+x86_64 0.1.6 292.00 137.00 429.00 NOTE

Check Details

Version: 0.1.6
Check: LazyData
Result: NOTE
     'LazyData' is specified without a 'data' directory
Flavors: r-devel-linux-x86_64-debian-clang, r-devel-linux-x86_64-debian-gcc, r-devel-linux-x86_64-fedora-clang, r-devel-linux-x86_64-fedora-gcc, r-devel-windows-x86_64, r-patched-linux-x86_64, r-release-linux-x86_64, r-release-macos-arm64, r-release-macos-x86_64, r-release-windows-x86_64, r-oldrel-macos-arm64, r-oldrel-macos-x86_64, r-oldrel-windows-ix86+x86_64

Version: 0.1.6
Check: installed package size
Result: NOTE
     installed size is 7.4Mb
     sub-directories of 1Mb or more:
     libs 7.0Mb
Flavors: r-devel-linux-x86_64-fedora-clang, r-release-macos-arm64, r-release-macos-x86_64, r-oldrel-macos-arm64, r-oldrel-macos-x86_64