Last updated on 2022-05-18 14:48:58 CEST.
Flavor | Version | Tinstall | Tcheck | Ttotal | Status | Flags |
---|---|---|---|---|---|---|
r-devel-linux-x86_64-debian-clang | 1.1.4 | 8.01 | 75.80 | 83.81 | NOTE | |
r-devel-linux-x86_64-debian-gcc | 1.1.4 | 5.39 | 55.58 | 60.97 | NOTE | |
r-devel-linux-x86_64-fedora-clang | 1.1.4 | 98.90 | NOTE | |||
r-devel-linux-x86_64-fedora-gcc | 1.1.4 | 92.68 | NOTE | |||
r-devel-windows-x86_64 | 1.1.4 | 20.00 | 83.00 | 103.00 | NOTE | |
r-patched-linux-x86_64 | 1.1.4 | 5.63 | 69.38 | 75.01 | NOTE | |
r-release-linux-x86_64 | 1.1.4 | 7.05 | 67.84 | 74.89 | NOTE | |
r-release-macos-arm64 | 1.1.4 | 28.00 | NOTE | |||
r-release-macos-x86_64 | 1.1.4 | 48.00 | NOTE | |||
r-release-windows-x86_64 | 1.1.4 | 17.00 | 86.00 | 103.00 | NOTE | |
r-oldrel-macos-arm64 | 1.1.4 | 33.00 | NOTE | |||
r-oldrel-macos-x86_64 | 1.1.4 | 45.00 | NOTE | |||
r-oldrel-windows-ix86+x86_64 | 1.1.4 | 19.00 | 82.00 | 101.00 | NOTE |
Version: 1.1.4
Check: LazyData
Result: NOTE
'LazyData' is specified without a 'data' directory
Flavors: r-devel-linux-x86_64-debian-clang, r-devel-linux-x86_64-debian-gcc, r-devel-linux-x86_64-fedora-clang, r-devel-linux-x86_64-fedora-gcc, r-devel-windows-x86_64, r-patched-linux-x86_64, r-release-linux-x86_64, r-release-macos-arm64, r-release-macos-x86_64, r-release-windows-x86_64, r-oldrel-macos-arm64, r-oldrel-macos-x86_64, r-oldrel-windows-ix86+x86_64