Last updated on 2022-05-21 07:55:23 CEST.
Flavor | Version | Tinstall | Tcheck | Ttotal | Status | Flags |
---|---|---|---|---|---|---|
r-devel-linux-x86_64-debian-clang | 1.1.10 | 7.85 | 108.85 | 116.70 | NOTE | |
r-devel-linux-x86_64-debian-gcc | 1.1.10 | 5.78 | 81.57 | 87.35 | NOTE | |
r-devel-linux-x86_64-fedora-clang | 1.1.10 | 135.10 | NOTE | |||
r-devel-linux-x86_64-fedora-gcc | 1.1.10 | 130.42 | NOTE | |||
r-devel-windows-x86_64 | 1.1.10 | 40.00 | 122.00 | 162.00 | NOTE | |
r-patched-linux-x86_64 | 1.1.10 | 6.16 | 101.93 | 108.09 | NOTE | |
r-release-linux-x86_64 | 1.1.10 | 4.54 | 102.83 | 107.37 | NOTE | |
r-release-macos-arm64 | 1.1.10 | 37.00 | NOTE | |||
r-release-macos-x86_64 | 1.1.10 | 70.00 | NOTE | |||
r-release-windows-x86_64 | 1.1.10 | 43.00 | 115.00 | 158.00 | NOTE | |
r-oldrel-macos-arm64 | 1.1.10 | 44.00 | NOTE | |||
r-oldrel-macos-x86_64 | 1.1.10 | 55.00 | NOTE | |||
r-oldrel-windows-ix86+x86_64 | 1.1.10 | 18.00 | 116.00 | 134.00 | NOTE |
Version: 1.1.10
Check: LazyData
Result: NOTE
'LazyData' is specified without a 'data' directory
Flavors: r-devel-linux-x86_64-debian-clang, r-devel-linux-x86_64-debian-gcc, r-devel-linux-x86_64-fedora-clang, r-devel-linux-x86_64-fedora-gcc, r-devel-windows-x86_64, r-patched-linux-x86_64, r-release-linux-x86_64, r-release-macos-arm64, r-release-macos-x86_64, r-release-windows-x86_64, r-oldrel-macos-arm64, r-oldrel-macos-x86_64, r-oldrel-windows-ix86+x86_64