Last updated on 2022-05-16 11:51:27 CEST.
Flavor | Version | Tinstall | Tcheck | Ttotal | Status | Flags |
---|---|---|---|---|---|---|
r-devel-linux-x86_64-debian-clang | 1.0 | 12.70 | 118.84 | 131.54 | NOTE | |
r-devel-linux-x86_64-debian-gcc | 1.0 | 10.59 | 88.58 | 99.17 | NOTE | |
r-devel-linux-x86_64-fedora-clang | 1.0 | 155.42 | NOTE | |||
r-devel-linux-x86_64-fedora-gcc | 1.0 | 152.14 | NOTE | |||
r-devel-windows-x86_64 | 1.0 | 16.00 | 131.00 | 147.00 | NOTE | |
r-patched-linux-x86_64 | 1.0 | 8.52 | 113.04 | 121.56 | NOTE | |
r-release-linux-x86_64 | 1.0 | 7.83 | 112.11 | 119.94 | NOTE | |
r-release-macos-arm64 | 1.0 | 43.00 | NOTE | |||
r-release-macos-x86_64 | 1.0 | 73.00 | NOTE | |||
r-release-windows-x86_64 | 1.0 | 16.00 | 133.00 | 149.00 | NOTE | |
r-oldrel-macos-arm64 | 1.0 | 48.00 | NOTE | |||
r-oldrel-macos-x86_64 | 1.0 | 72.00 | NOTE | |||
r-oldrel-windows-ix86+x86_64 | 1.0 | 30.00 | 124.00 | 154.00 | NOTE |
Version: 1.0
Check: LazyData
Result: NOTE
'LazyData' is specified without a 'data' directory
Flavors: r-devel-linux-x86_64-debian-clang, r-devel-linux-x86_64-debian-gcc, r-devel-linux-x86_64-fedora-clang, r-devel-linux-x86_64-fedora-gcc, r-devel-windows-x86_64, r-patched-linux-x86_64, r-release-linux-x86_64, r-release-macos-arm64, r-release-macos-x86_64, r-release-windows-x86_64, r-oldrel-macos-arm64, r-oldrel-macos-x86_64, r-oldrel-windows-ix86+x86_64