Last updated on 2023-02-02 17:53:48 CET.
Flavor | Version | Tinstall | Tcheck | Ttotal | Status | Flags |
---|---|---|---|---|---|---|
r-devel-linux-x86_64-debian-clang | 1.0.3 | 329.22 | 193.35 | 522.57 | NOTE | |
r-devel-linux-x86_64-debian-gcc | 1.0.3 | 285.32 | 154.00 | 439.32 | NOTE | |
r-devel-linux-x86_64-fedora-clang | 1.0.3 | 671.96 | NOTE | |||
r-devel-linux-x86_64-fedora-gcc | 1.0.3 | 738.98 | NOTE | |||
r-devel-windows-x86_64 | 1.0.3 | 298.00 | 285.00 | 583.00 | NOTE | |
r-patched-linux-x86_64 | 1.0.3 | 305.91 | 189.52 | 495.43 | NOTE | |
r-release-linux-x86_64 | 1.0.3 | 322.95 | 190.08 | 513.03 | NOTE | |
r-release-macos-arm64 | 1.0.3 | 132.00 | NOTE | |||
r-release-macos-x86_64 | 1.0.3 | 238.00 | NOTE | |||
r-release-windows-x86_64 | 1.0.3 | 297.00 | 287.00 | 584.00 | NOTE | |
r-oldrel-macos-arm64 | 1.0.3 | 143.00 | NOTE | |||
r-oldrel-macos-x86_64 | 1.0.3 | 242.00 | NOTE | |||
r-oldrel-windows-ix86+x86_64 | 1.0.3 | 776.00 | 345.00 | 1121.00 | NOTE |
Version: 1.0.3
Check: package dependencies
Result: NOTE
Package suggested but not available for checking: ‘MicrobeDS’
Flavors: r-devel-linux-x86_64-debian-clang, r-devel-linux-x86_64-debian-gcc, r-devel-linux-x86_64-fedora-clang, r-devel-linux-x86_64-fedora-gcc, r-devel-windows-x86_64, r-patched-linux-x86_64, r-release-linux-x86_64, r-release-macos-arm64, r-release-macos-x86_64, r-release-windows-x86_64, r-oldrel-macos-arm64, r-oldrel-macos-x86_64, r-oldrel-windows-ix86+x86_64
Version: 1.0.3
Check: C++ specification
Result: NOTE
Specified C++11: please update to current default of C++17
Flavors: r-devel-linux-x86_64-debian-clang, r-devel-linux-x86_64-debian-gcc, r-devel-linux-x86_64-fedora-clang, r-devel-linux-x86_64-fedora-gcc
Version: 1.0.3
Check: installed package size
Result: NOTE
installed size is 39.5Mb
sub-directories of 1Mb or more:
libs 37.9Mb
Flavors: r-release-macos-arm64, r-release-macos-x86_64, r-oldrel-macos-arm64, r-oldrel-macos-x86_64, r-oldrel-windows-ix86+x86_64