Last updated on 2023-05-30 16:00:32 CEST.
Flavor | Version | Tinstall | Tcheck | Ttotal | Status | Flags |
---|---|---|---|---|---|---|
r-devel-linux-x86_64-debian-clang | 0.1.2 | 5.72 | 40.55 | 46.27 | OK | |
r-devel-linux-x86_64-debian-gcc | 0.1.2 | 5.12 | 32.54 | 37.66 | OK | |
r-devel-linux-x86_64-fedora-clang | 0.1.2 | 59.50 | NOTE | |||
r-devel-linux-x86_64-fedora-gcc | 0.1.2 | 56.80 | NOTE | |||
r-devel-windows-x86_64 | 0.1.2 | 8.00 | 52.00 | 60.00 | OK | |
r-patched-linux-x86_64 | 0.1.2 | 5.78 | 39.34 | 45.12 | OK | |
r-release-linux-x86_64 | 0.1.2 | 5.94 | 39.61 | 45.55 | OK | |
r-release-macos-arm64 | 0.1.2 | 26.00 | OK | |||
r-release-macos-x86_64 | 0.1.2 | 34.00 | OK | |||
r-release-windows-x86_64 | 0.1.2 | 10.00 | 56.00 | 66.00 | OK | |
r-oldrel-macos-arm64 | 0.1.2 | 23.00 | NOTE | |||
r-oldrel-macos-x86_64 | 0.1.2 | 49.00 | NOTE | |||
r-oldrel-windows-x86_64 | 0.1.2 | 10.00 | 65.00 | 75.00 | OK |
Version: 0.1.2
Check: dependencies in R code
Result: NOTE
Namespaces in Imports field not imported from:
‘rclipboard’ ‘shinyBS’ ‘shinyWidgets’ ‘shinyjs’
All declared Imports should be used.
Flavors: r-devel-linux-x86_64-fedora-clang, r-devel-linux-x86_64-fedora-gcc, r-oldrel-macos-arm64, r-oldrel-macos-x86_64