CRAN Package Check Results for Package filterNHP

Last updated on 2022-05-18 00:53:12 CEST.

Flavor Version Tinstall Tcheck Ttotal Status Flags
r-devel-linux-x86_64-debian-clang 0.1.2 5.08 51.17 56.25 OK
r-devel-linux-x86_64-debian-gcc 0.1.2 4.57 39.44 44.01 OK
r-devel-linux-x86_64-fedora-clang 0.1.2 67.59 NOTE
r-devel-linux-x86_64-fedora-gcc 0.1.2 67.23 NOTE
r-devel-windows-x86_64 0.1.2 73.00 65.00 138.00 OK
r-patched-linux-x86_64 0.1.2 6.38 48.17 54.55 OK
r-release-linux-x86_64 0.1.2 6.06 49.03 55.09 OK
r-release-macos-arm64 0.1.2 23.00 NOTE
r-release-macos-x86_64 0.1.2 49.00 NOTE
r-release-windows-x86_64 0.1.2 96.00 71.00 167.00 OK
r-oldrel-macos-arm64 0.1.2 24.00 NOTE
r-oldrel-macos-x86_64 0.1.2 31.00 NOTE
r-oldrel-windows-ix86+x86_64 0.1.2 15.00 64.00 79.00 OK

Check Details

Version: 0.1.2
Check: dependencies in R code
Result: NOTE
    Namespaces in Imports field not imported from:
     ‘rclipboard’ ‘shinyBS’ ‘shinyWidgets’ ‘shinyjs’
     All declared Imports should be used.
Flavors: r-devel-linux-x86_64-fedora-clang, r-devel-linux-x86_64-fedora-gcc, r-release-macos-arm64, r-release-macos-x86_64, r-oldrel-macos-arm64, r-oldrel-macos-x86_64