CRAN Package Check Results for Package findR

Last updated on 2022-05-17 04:50:32 CEST.

Flavor Version Tinstall Tcheck Ttotal Status Flags
r-devel-linux-x86_64-debian-clang 0.2.1 1.71 32.18 33.89 NOTE
r-devel-linux-x86_64-debian-gcc 0.2.1 1.93 24.64 26.57 NOTE
r-devel-linux-x86_64-fedora-clang 0.2.1 40.36 NOTE
r-devel-linux-x86_64-fedora-gcc 0.2.1 39.95 NOTE
r-devel-windows-x86_64 0.2.1 14.00 48.00 62.00 NOTE
r-patched-linux-x86_64 0.2.1 2.74 30.53 33.27 NOTE
r-release-linux-x86_64 0.2.1 2.54 30.21 32.75 NOTE
r-release-macos-arm64 0.2.1 15.00 NOTE
r-release-macos-x86_64 0.2.1 21.00 NOTE
r-release-windows-x86_64 0.2.1 18.00 47.00 65.00 NOTE
r-oldrel-macos-arm64 0.2.1 19.00 NOTE
r-oldrel-macos-x86_64 0.2.1 26.00 NOTE
r-oldrel-windows-ix86+x86_64 0.2.1 6.00 37.00 43.00 NOTE

Check Details

Version: 0.2.1
Check: LazyData
Result: NOTE
     'LazyData' is specified without a 'data' directory
Flavors: r-devel-linux-x86_64-debian-clang, r-devel-linux-x86_64-debian-gcc, r-devel-linux-x86_64-fedora-clang, r-devel-linux-x86_64-fedora-gcc, r-devel-windows-x86_64, r-patched-linux-x86_64, r-release-linux-x86_64, r-release-macos-arm64, r-release-macos-x86_64, r-release-windows-x86_64, r-oldrel-macos-arm64, r-oldrel-macos-x86_64, r-oldrel-windows-ix86+x86_64