CRAN Package Check Results for Package fishMod

Last updated on 2022-06-29 00:51:15 CEST.

Flavor Version Tinstall Tcheck Ttotal Status Flags
r-devel-linux-x86_64-debian-clang 0.29 6.40 27.00 33.40 OK
r-devel-linux-x86_64-debian-gcc 0.29 4.72 21.29 26.01 OK
r-devel-linux-x86_64-fedora-clang 0.29 52.22 NOTE
r-devel-linux-x86_64-fedora-gcc 0.29 49.65 NOTE
r-devel-windows-x86_64 0.29 21.00 57.00 78.00 OK
r-patched-linux-x86_64 0.29 6.16 26.28 32.44 OK
r-release-linux-x86_64 0.29 5.85 26.00 31.85 OK
r-release-macos-arm64 0.29 19.00 OK
r-release-macos-x86_64 0.29 27.00 OK
r-release-windows-x86_64 0.29 14.00 58.00 72.00 OK
r-oldrel-macos-arm64 0.29 27.00 OK
r-oldrel-macos-x86_64 0.29 33.00 OK
r-oldrel-windows-ix86+x86_64 0.29 13.00 38.00 51.00 OK

Check Details

Version: 0.29
Check: compiled code
Result: NOTE
    File ‘fishMod/libs/fishMod.so’:
     Found no calls to: ‘R_registerRoutines’, ‘R_useDynamicSymbols’
    
    It is good practice to register native routines and to disable symbol
    search.
    
    See ‘Writing portable packages’ in the ‘Writing R Extensions’ manual.
Flavors: r-devel-linux-x86_64-fedora-clang, r-devel-linux-x86_64-fedora-gcc