CRAN Package Check Results for Package fitPS

Last updated on 2024-05-30 23:55:40 CEST.

Flavor Version Tinstall Tcheck Ttotal Status Flags
r-devel-linux-x86_64-debian-clang 1.0.1 19.14 162.82 181.96 WARN
r-devel-linux-x86_64-debian-gcc 1.0.1 12.17 120.60 132.77 OK
r-devel-linux-x86_64-fedora-clang 1.0.1 229.64 OK
r-devel-linux-x86_64-fedora-gcc 1.0.1 223.50 OK
r-devel-windows-x86_64 1.0.1 16.00 136.00 152.00 OK
r-patched-linux-x86_64 1.0.1 14.86 151.99 166.85 WARN
r-release-linux-x86_64 1.0.1 10.40 152.29 162.69 OK
r-release-macos-arm64 1.0.1 67.00 OK
r-release-macos-x86_64 1.0.1 211.00 OK
r-release-windows-x86_64 1.0.1 16.00 149.00 165.00 OK
r-oldrel-macos-arm64 1.0.1 72.00 OK
r-oldrel-macos-x86_64 1.0.1 168.00 OK
r-oldrel-windows-x86_64 1.0.1 18.00 168.00 186.00 OK

Check Details

Version: 1.0.1
Check: re-building of vignette outputs
Result: WARN Error(s) in re-building vignettes: ... --- re-building ‘examples.Rnw’ using knitr Warning in eng_r(options) : Failed to tidy R code in chunk 'R-02'. Reason: Error : The formatR package is required by the chunk option tidy = TRUE but not installed; tidy = TRUE will be ignored. Warning in eng_r(options) : Failed to tidy R code in chunk 'R-03'. Reason: Error : The formatR package is required by the chunk option tidy = TRUE but not installed; tidy = TRUE will be ignored. Warning in eng_r(options) : Failed to tidy R code in chunk 'R-04'. Reason: Error : The formatR package is required by the chunk option tidy = TRUE but not installed; tidy = TRUE will be ignored. Warning in eng_r(options) : Failed to tidy R code in chunk 'R-05'. Reason: Error : The formatR package is required by the chunk option tidy = TRUE but not installed; tidy = TRUE will be ignored. Warning in eng_r(options) : Failed to tidy R code in chunk 'R-06'. Reason: Error : The formatR package is required by the chunk option tidy = TRUE but not installed; tidy = TRUE will be ignored. Warning in eng_r(options) : Failed to tidy R code in chunk 'R-07'. Reason: Error : The formatR package is required by the chunk option tidy = TRUE but not installed; tidy = TRUE will be ignored. Warning in eng_r(options) : Failed to tidy R code in chunk 'R-08'. Reason: Error : The formatR package is required by the chunk option tidy = TRUE but not installed; tidy = TRUE will be ignored. Warning in eng_r(options) : Failed to tidy R code in chunk 'R-010'. Reason: Error : The formatR package is required by the chunk option tidy = TRUE but not installed; tidy = TRUE will be ignored. Warning in eng_r(options) : Failed to tidy R code in chunk 'R-11'. Reason: Error : The formatR package is required by the chunk option tidy = TRUE but not installed; tidy = TRUE will be ignored. Warning in eng_r(options) : Failed to tidy R code in chunk 'R13'. Reason: Error : The formatR package is required by the chunk option tidy = TRUE but not installed; tidy = TRUE will be ignored. Warning in eng_r(options) : Failed to tidy R code in chunk 'R-16'. Reason: Error : The formatR package is required by the chunk option tidy = TRUE but not installed; tidy = TRUE will be ignored. Warning in eng_r(options) : Failed to tidy R code in chunk 'R-17'. Reason: Error : The formatR package is required by the chunk option tidy = TRUE but not installed; tidy = TRUE will be ignored. Two-sided Wald test data: lau and jackson z = 1.1923, p-value = 0.2331 alternative hypothesis: true difference in shape parameters is not equal to 0 sample estimates: Shape of lau Shape of jackson 5.885919 4.533556 Error: processing vignette 'examples.Rnw' failed with diagnostics: Running 'texi2dvi' on 'examples.tex' failed. LaTeX errors: ! Undefined control sequence. l.78 \hldef {> }\hlkwd{data}\hldef{(}\hlsng{"Psurveys"}\hldef{)} ? ! Emergency stop. ! Emergency stop. l.78 End of file on the terminal! ! ==> Fatal error occurred, no output PDF file produced! --- failed re-building ‘examples.Rnw’ --- re-building ‘simple_P_fit.Rnw’ using knitr Warning in eng_r(options) : Failed to tidy R code in chunk 'R-02'. Reason: Error : The formatR package is required by the chunk option tidy = TRUE but not installed; tidy = TRUE will be ignored. Warning in eng_r(options) : Failed to tidy R code in chunk 'R-03'. Reason: Error : The formatR package is required by the chunk option tidy = TRUE but not installed; tidy = TRUE will be ignored. Warning in eng_r(options) : Failed to tidy R code in chunk 'R-04'. Reason: Error : The formatR package is required by the chunk option tidy = TRUE but not installed; tidy = TRUE will be ignored. Warning in eng_r(options) : Failed to tidy R code in chunk 'R-05'. Reason: Error : The formatR package is required by the chunk option tidy = TRUE but not installed; tidy = TRUE will be ignored. Warning in eng_r(options) : Failed to tidy R code in chunk 'R-06'. Reason: Error : The formatR package is required by the chunk option tidy = TRUE but not installed; tidy = TRUE will be ignored. Warning in eng_r(options) : Failed to tidy R code in chunk 'R-07'. Reason: Error : The formatR package is required by the chunk option tidy = TRUE but not installed; tidy = TRUE will be ignored. Error: processing vignette 'simple_P_fit.Rnw' failed with diagnostics: Running 'texi2dvi' on 'simple_P_fit.tex' failed. LaTeX errors: ! Undefined control sequence. l.89 \hldef {> }\hlkwd{data}\hldef{(}\hlsng{"Psurveys"}\hldef{)} ? ! Emergency stop. ! Emergency stop. l.89 End of file on the terminal! ! ==> Fatal error occurred, no output PDF file produced! --- failed re-building ‘simple_P_fit.Rnw’ SUMMARY: processing the following files failed: ‘examples.Rnw’ ‘simple_P_fit.Rnw’ Error: Vignette re-building failed. Execution halted Flavors: r-devel-linux-x86_64-debian-clang, r-patched-linux-x86_64