Last updated on 2022-05-22 01:51:26 CEST.
Flavor | Version | Tinstall | Tcheck | Ttotal | Status | Flags |
---|---|---|---|---|---|---|
r-devel-linux-x86_64-debian-clang | 0.6.2 | 8.67 | 72.68 | 81.35 | NOTE | |
r-devel-linux-x86_64-debian-gcc | 0.6.2 | 7.14 | 56.33 | 63.47 | NOTE | |
r-devel-linux-x86_64-fedora-clang | 0.6.2 | 97.23 | NOTE | |||
r-devel-linux-x86_64-fedora-gcc | 0.6.2 | 94.23 | NOTE | |||
r-devel-windows-x86_64 | 0.6.2 | 266.00 | 124.00 | 390.00 | NOTE | |
r-patched-linux-x86_64 | 0.6.2 | 11.08 | 69.15 | 80.23 | NOTE | |
r-release-linux-x86_64 | 0.6.2 | 7.84 | 69.47 | 77.31 | NOTE | |
r-release-macos-arm64 | 0.6.2 | 35.00 | NOTE | |||
r-release-macos-x86_64 | 0.6.2 | 51.00 | NOTE | |||
r-release-windows-x86_64 | 0.6.2 | 370.00 | 118.00 | 488.00 | NOTE | |
r-oldrel-macos-arm64 | 0.6.2 | 56.00 | NOTE | |||
r-oldrel-macos-x86_64 | 0.6.2 | 53.00 | NOTE | |||
r-oldrel-windows-ix86+x86_64 | 0.6.2 | 16.00 | 92.00 | 108.00 | NOTE |
Version: 0.6.2
Check: package dependencies
Result: NOTE
Package suggested but not available for checking: 'fivethirtyeightdata'
Flavors: r-devel-linux-x86_64-debian-clang, r-devel-linux-x86_64-debian-gcc, r-devel-linux-x86_64-fedora-clang, r-devel-linux-x86_64-fedora-gcc, r-devel-windows-x86_64, r-patched-linux-x86_64, r-release-linux-x86_64, r-release-macos-arm64, r-release-macos-x86_64, r-release-windows-x86_64, r-oldrel-macos-arm64, r-oldrel-macos-x86_64, r-oldrel-windows-ix86+x86_64
Version: 0.6.2
Check: Rd cross-references
Result: NOTE
Package unavailable to check Rd xrefs: 'fivethirtyeightdata'
Flavors: r-devel-linux-x86_64-debian-clang, r-devel-linux-x86_64-debian-gcc, r-devel-linux-x86_64-fedora-clang, r-devel-linux-x86_64-fedora-gcc, r-devel-windows-x86_64, r-patched-linux-x86_64, r-release-linux-x86_64, r-release-macos-arm64, r-release-macos-x86_64, r-release-windows-x86_64, r-oldrel-macos-arm64, r-oldrel-macos-x86_64, r-oldrel-windows-ix86+x86_64
Version: 0.6.2
Check: installed package size
Result: NOTE
installed size is 5.0Mb
sub-directories of 1Mb or more:
data 3.8Mb
Flavors: r-devel-linux-x86_64-fedora-clang, r-devel-windows-x86_64, r-release-windows-x86_64
Version: 0.6.2
Check: data for non-ASCII characters
Result: NOTE
Note: found 584 marked UTF-8 strings
Flavors: r-devel-linux-x86_64-fedora-clang, r-devel-linux-x86_64-fedora-gcc, r-release-macos-arm64, r-release-macos-x86_64, r-oldrel-macos-arm64, r-oldrel-macos-x86_64