Last updated on 2022-05-18 03:53:37 CEST.
Flavor | Version | Tinstall | Tcheck | Ttotal | Status | Flags |
---|---|---|---|---|---|---|
r-devel-linux-x86_64-debian-clang | 0.1.0 | 72.89 | 182.84 | 255.73 | OK | |
r-devel-linux-x86_64-debian-gcc | 0.1.0 | 50.38 | 129.96 | 180.34 | OK | |
r-devel-linux-x86_64-fedora-clang | 0.1.0 | 314.14 | NOTE | |||
r-devel-linux-x86_64-fedora-gcc | 0.1.0 | 298.24 | OK | |||
r-devel-windows-x86_64 | 0.1.0 | 113.00 | 246.00 | 359.00 | NOTE | |
r-patched-linux-x86_64 | 0.1.0 | 63.56 | 173.47 | 237.03 | OK | |
r-release-linux-x86_64 | 0.1.0 | 64.17 | 176.37 | 240.54 | OK | |
r-release-macos-arm64 | 0.1.0 | 72.00 | NOTE | |||
r-release-macos-x86_64 | 0.1.0 | 114.00 | NOTE | |||
r-release-windows-x86_64 | 0.1.0 | 115.00 | 238.00 | 353.00 | NOTE | |
r-oldrel-macos-arm64 | 0.1.0 | 77.00 | NOTE | |||
r-oldrel-macos-x86_64 | 0.1.0 | 154.00 | NOTE | |||
r-oldrel-windows-ix86+x86_64 | 0.1.0 | 170.00 | 300.00 | 470.00 | NOTE |
Version: 0.1.0
Check: installed package size
Result: NOTE
installed size is 6.8Mb
sub-directories of 1Mb or more:
doc 1.9Mb
help 2.3Mb
libs 2.1Mb
Flavors: r-devel-linux-x86_64-fedora-clang, r-devel-windows-x86_64, r-release-macos-arm64, r-release-macos-x86_64, r-release-windows-x86_64, r-oldrel-macos-arm64, r-oldrel-macos-x86_64, r-oldrel-windows-ix86+x86_64