CRAN Package Check Results for Package flexCWM

Last updated on 2024-04-16 21:50:27 CEST.

Flavor Version Tinstall Tcheck Ttotal Status Flags
r-devel-linux-x86_64-debian-clang 1.92 20.78 138.96 159.74 NOTE
r-devel-linux-x86_64-debian-gcc 1.92 14.48 102.87 117.35 NOTE
r-devel-linux-x86_64-fedora-clang 1.92 195.74 NOTE
r-devel-linux-x86_64-fedora-gcc 1.92 185.70 NOTE
r-prerel-macos-arm64 1.92 53.00 NOTE
r-prerel-windows-x86_64 1.92 15.00 113.00 128.00 NOTE
r-patched-linux-x86_64 1.92 16.02 131.14 147.16 NOTE
r-release-linux-x86_64 1.92 12.16 132.58 144.74 OK
r-release-macos-arm64 1.92 59.00 OK
r-release-macos-x86_64 1.92 92.00 OK
r-release-windows-x86_64 1.92 21.00 136.00 157.00 OK
r-oldrel-macos-arm64 1.92 51.00 OK
r-oldrel-windows-x86_64 1.92 20.00 136.00 156.00 OK

Check Details

Version: 1.92
Check: Rd files
Result: NOTE checkRd: (-1) cwm.Rd:93: Lost braces in \itemize; \value handles \item{}{} directly checkRd: (-1) cwm.Rd:94: Lost braces in \itemize; \value handles \item{}{} directly checkRd: (-1) cwm.Rd:95: Lost braces in \itemize; \value handles \item{}{} directly checkRd: (-1) cwm.Rd:96: Lost braces in \itemize; \value handles \item{}{} directly checkRd: (-1) cwm.Rd:97: Lost braces in \itemize; \value handles \item{}{} directly checkRd: (-1) cwm.Rd:98: Lost braces in \itemize; \value handles \item{}{} directly checkRd: (-1) cwm.Rd:99: Lost braces in \itemize; \value handles \item{}{} directly checkRd: (-1) cwm.Rd:100: Lost braces in \itemize; \value handles \item{}{} directly checkRd: (-1) cwm.Rd:101: Lost braces in \itemize; \value handles \item{}{} directly checkRd: (-1) cwm.Rd:102: Lost braces in \itemize; \value handles \item{}{} directly checkRd: (-1) cwm.Rd:103: Lost braces in \itemize; \value handles \item{}{} directly checkRd: (-1) cwm.Rd:105: Lost braces in \itemize; \value handles \item{}{} directly checkRd: (-1) cwm.Rd:106: Lost braces in \itemize; \value handles \item{}{} directly checkRd: (-1) cwm.Rd:107: Lost braces in \itemize; \value handles \item{}{} directly checkRd: (-1) cwm.Rd:108: Lost braces in \itemize; \value handles \item{}{} directly checkRd: (-1) cwm.Rd:110: Lost braces; missing escapes or markup? 110 | \item{\code{concomitant} {a list with estimated concomitant variables parameters for each mixture component}} | ^ checkRd: (-1) cwm.Rd:112: Lost braces in \itemize; \value handles \item{}{} directly checkRd: (-1) cwm.Rd:113: Lost braces in \itemize; \value handles \item{}{} directly checkRd: (-1) cwm.Rd:114: Lost braces in \itemize; \value handles \item{}{} directly checkRd: (-1) cwm.Rd:115: Lost braces in \itemize; \value handles \item{}{} directly checkRd: (-1) cwm.Rd:116: Lost braces in \itemize; \value handles \item{}{} directly checkRd: (-1) cwm.Rd:117: Lost braces in \itemize; \value handles \item{}{} directly checkRd: (-1) cwm.Rd:118: Lost braces in \itemize; \value handles \item{}{} directly Flavors: r-devel-linux-x86_64-debian-clang, r-devel-linux-x86_64-debian-gcc, r-devel-linux-x86_64-fedora-clang, r-devel-linux-x86_64-fedora-gcc, r-prerel-macos-arm64, r-prerel-windows-x86_64, r-patched-linux-x86_64

Version: 1.92
Check: Rd cross-references
Result: NOTE Undeclared package ‘mixture’ in Rd xrefs Flavor: r-devel-linux-x86_64-fedora-clang