CRAN Package Check Results for Package flexCWM

Last updated on 2022-05-18 16:49:49 CEST.

Flavor Version Tinstall Tcheck Ttotal Status Flags
r-devel-linux-x86_64-debian-clang 1.92 19.26 152.66 171.92 OK
r-devel-linux-x86_64-debian-gcc 1.92 15.20 111.94 127.14 OK
r-devel-linux-x86_64-fedora-clang 1.92 200.51 NOTE
r-devel-linux-x86_64-fedora-gcc 1.92 195.54 OK
r-devel-windows-x86_64 1.92 24.00 159.00 183.00 OK
r-patched-linux-x86_64 1.92 18.09 143.61 161.70 OK
r-release-linux-x86_64 1.92 15.47 140.42 155.89 OK
r-release-macos-arm64 1.92 51.00 OK
r-release-macos-x86_64 1.92 89.00 OK
r-release-windows-x86_64 1.92 23.00 161.00 184.00 OK
r-oldrel-macos-arm64 1.92 62.00 OK
r-oldrel-macos-x86_64 1.92 85.00 OK
r-oldrel-windows-ix86+x86_64 1.92 41.00 150.00 191.00 OK

Check Details

Version: 1.92
Check: Rd cross-references
Result: NOTE
    Undeclared package ‘mixture’ in Rd xrefs
Flavor: r-devel-linux-x86_64-fedora-clang