CRAN Package Check Results for Package flexsurvcure

Last updated on 2022-01-28 23:00:35 CET.

Flavor Version Tinstall Tcheck Ttotal Status Flags
r-devel-linux-x86_64-debian-clang 1.2.0 10.54 134.35 144.89 NOTE
r-devel-linux-x86_64-debian-gcc 1.2.0 9.13 99.44 108.57 NOTE
r-devel-linux-x86_64-fedora-clang 1.2.0 157.82 NOTE
r-devel-linux-x86_64-fedora-gcc 1.2.0 154.37 NOTE
r-devel-windows-x86_64-new-UL 1.2.0 44.00 152.00 196.00 NOTE
r-devel-windows-x86_64-new-TK 1.2.0 NOTE
r-patched-linux-x86_64 1.2.0 14.11 114.91 129.02 NOTE
r-release-linux-x86_64 1.2.0 8.54 114.40 122.94 NOTE
r-release-macos-arm64 1.2.0 NOTE
r-release-macos-x86_64 1.2.0 NOTE
r-release-windows-ix86+x86_64 1.2.0 24.00 136.00 160.00 NOTE
r-oldrel-macos-x86_64 1.2.0 OK
r-oldrel-windows-ix86+x86_64 1.2.0 24.00 137.00 161.00 OK

Check Details

Version: 1.2.0
Check: LazyData
Result: NOTE
     'LazyData' is specified without a 'data' directory
Flavors: r-devel-linux-x86_64-debian-clang, r-devel-linux-x86_64-debian-gcc, r-devel-linux-x86_64-fedora-clang, r-devel-linux-x86_64-fedora-gcc, r-devel-windows-x86_64-new-UL, r-devel-windows-x86_64-new-TK, r-patched-linux-x86_64, r-release-linux-x86_64, r-release-macos-arm64, r-release-macos-x86_64, r-release-windows-ix86+x86_64