CRAN Package Check Results for Package flipdownr

Last updated on 2022-05-27 04:56:38 CEST.

Flavor Version Tinstall Tcheck Ttotal Status Flags
r-devel-linux-x86_64-debian-clang 0.1.1 2.19 29.39 31.58 NOTE
r-devel-linux-x86_64-debian-gcc 0.1.1 1.65 23.01 24.66 NOTE
r-devel-linux-x86_64-fedora-clang 0.1.1 39.06 NOTE
r-devel-linux-x86_64-fedora-gcc 0.1.1 37.72 NOTE
r-devel-windows-x86_64 0.1.1 10.00 47.00 57.00 NOTE
r-patched-linux-x86_64 0.1.1 2.02 29.10 31.12 NOTE
r-release-linux-x86_64 0.1.1 2.11 29.38 31.49 NOTE
r-release-macos-arm64 0.1.1 15.00 NOTE
r-release-macos-x86_64 0.1.1 20.00 NOTE
r-release-windows-x86_64 0.1.1 20.00 45.00 65.00 NOTE
r-oldrel-macos-arm64 0.1.1 17.00 NOTE
r-oldrel-macos-x86_64 0.1.1 24.00 NOTE
r-oldrel-windows-ix86+x86_64 0.1.1 5.00 37.00 42.00 NOTE

Check Details

Version: 0.1.1
Check: LazyData
Result: NOTE
     'LazyData' is specified without a 'data' directory
Flavors: r-devel-linux-x86_64-debian-clang, r-devel-linux-x86_64-debian-gcc, r-devel-linux-x86_64-fedora-clang, r-devel-linux-x86_64-fedora-gcc, r-devel-windows-x86_64, r-patched-linux-x86_64, r-release-linux-x86_64, r-release-macos-arm64, r-release-macos-x86_64, r-release-windows-x86_64, r-oldrel-macos-arm64, r-oldrel-macos-x86_64, r-oldrel-windows-ix86+x86_64