CRAN Package Check Results for Package flipscores

Last updated on 2024-05-20 10:49:23 CEST.

Flavor Version Tinstall Tcheck Ttotal Status Flags
r-devel-linux-x86_64-debian-clang 1.2.0 2.37 51.81 54.18 OK
r-devel-linux-x86_64-debian-gcc 1.2.0 2.27 35.60 37.87 OK
r-devel-linux-x86_64-fedora-clang 1.2.0 64.50 NOTE
r-devel-linux-x86_64-fedora-gcc 1.2.0 60.34 OK
r-devel-windows-x86_64 1.2.0 4.00 52.00 56.00 OK
r-patched-linux-x86_64 1.2.0 2.90 48.38 51.28 OK
r-release-linux-x86_64 1.2.0 2.63 47.75 50.38 OK
r-release-macos-arm64 1.2.0 21.00 OK
r-release-windows-x86_64 1.2.0 3.00 51.00 54.00 OK
r-oldrel-macos-arm64 1.2.0 23.00 OK
r-oldrel-macos-x86_64 1.2.0 32.00 OK
r-oldrel-windows-x86_64 1.2.0 3.00 60.00 63.00 OK

Check Details

Version: 1.2.0
Check: Rd cross-references
Result: NOTE Undeclared package ‘flip’ in Rd xrefs Flavor: r-devel-linux-x86_64-fedora-clang