CRAN Package Check Results for Package flora

Last updated on 2023-02-01 08:59:41 CET.

Flavor Version Tinstall Tcheck Ttotal Status Flags
r-devel-linux-x86_64-debian-clang 0.3.4 37.56 66.92 104.48 OK
r-devel-linux-x86_64-debian-gcc 0.3.4 37.17 51.56 88.73 OK
r-devel-linux-x86_64-fedora-clang 0.3.4 148.14 NOTE
r-devel-linux-x86_64-fedora-gcc 0.3.4 147.07 OK
r-devel-windows-x86_64 0.3.4 46.00 97.00 143.00 NOTE
r-patched-linux-x86_64 0.3.4 43.62 69.01 112.63 OK
r-release-linux-x86_64 0.3.4 45.10 70.09 115.19 OK
r-release-macos-arm64 0.3.4 61.00 NOTE
r-release-macos-x86_64 0.3.4 92.00 NOTE
r-release-windows-x86_64 0.3.4 51.00 101.00 152.00 NOTE
r-oldrel-macos-arm64 0.3.4 75.00 NOTE
r-oldrel-macos-x86_64 0.3.4 100.00 NOTE
r-oldrel-windows-ix86+x86_64 0.3.4 69.00 88.00 157.00 NOTE

Check Details

Version: 0.3.4
Check: installed package size
Result: NOTE
     installed size is 7.2Mb
     sub-directories of 1Mb or more:
     R 7.0Mb
Flavors: r-devel-linux-x86_64-fedora-clang, r-devel-windows-x86_64, r-release-macos-arm64, r-release-macos-x86_64, r-release-windows-x86_64, r-oldrel-macos-arm64, r-oldrel-macos-x86_64, r-oldrel-windows-ix86+x86_64