Last updated on 2023-01-31 22:58:05 CET.
Flavor | Version | Tinstall | Tcheck | Ttotal | Status | Flags |
---|---|---|---|---|---|---|
r-devel-linux-x86_64-debian-clang | 0.1.1 | 51.27 | 30.32 | 81.59 | NOTE | |
r-devel-linux-x86_64-debian-gcc | 0.1.1 | 45.28 | 24.07 | 69.35 | NOTE | |
r-devel-linux-x86_64-fedora-clang | 0.1.1 | 116.85 | NOTE | |||
r-devel-linux-x86_64-fedora-gcc | 0.1.1 | 120.88 | NOTE | |||
r-devel-windows-x86_64 | 0.1.1 | 154.00 | 91.00 | 245.00 | NOTE | |
r-patched-linux-x86_64 | 0.1.1 | 45.97 | 30.79 | 76.76 | OK | |
r-release-linux-x86_64 | 0.1.1 | 49.78 | 30.22 | 80.00 | OK | |
r-release-macos-arm64 | 0.1.1 | 31.00 | NOTE | |||
r-release-macos-x86_64 | 0.1.1 | 44.00 | NOTE | |||
r-release-windows-x86_64 | 0.1.1 | 192.00 | 89.00 | 281.00 | OK | |
r-oldrel-macos-arm64 | 0.1.1 | 32.00 | NOTE | |||
r-oldrel-macos-x86_64 | 0.1.1 | 46.00 | NOTE | |||
r-oldrel-windows-ix86+x86_64 | 0.1.1 | 29.00 | 18.00 | 47.00 | ERROR |
Version: 0.1.1
Check: C++ specification
Result: NOTE
Specified C++14: please update to current default of C++17
Flavors: r-devel-linux-x86_64-debian-clang, r-devel-linux-x86_64-debian-gcc, r-devel-linux-x86_64-fedora-clang, r-devel-linux-x86_64-fedora-gcc, r-devel-windows-x86_64
Version: 0.1.1
Check: installed package size
Result: NOTE
installed size is 6.3Mb
sub-directories of 1Mb or more:
libs 6.3Mb
Flavors: r-release-macos-arm64, r-release-macos-x86_64, r-oldrel-macos-arm64, r-oldrel-macos-x86_64
Version: 0.1.1
Check: whether package can be installed
Result: ERROR
Installation failed.
Flavor: r-oldrel-windows-ix86+x86_64