CRAN Package Check Results for Package fmbasics

Last updated on 2022-05-18 10:52:50 CEST.

Flavor Version Tinstall Tcheck Ttotal Status Flags
r-devel-linux-x86_64-debian-clang 0.3.0 7.27 78.99 86.26 NOTE
r-devel-linux-x86_64-debian-gcc 0.3.0 6.55 59.10 65.65 NOTE
r-devel-linux-x86_64-fedora-clang 0.3.0 100.14 NOTE
r-devel-linux-x86_64-fedora-gcc 0.3.0 98.57 NOTE
r-devel-windows-x86_64 0.3.0 60.00 97.00 157.00 NOTE
r-patched-linux-x86_64 0.3.0 12.54 75.05 87.59 NOTE
r-release-linux-x86_64 0.3.0 8.36 75.03 83.39 NOTE
r-release-macos-arm64 0.3.0 27.00 NOTE
r-release-macos-x86_64 0.3.0 43.00 NOTE
r-release-windows-x86_64 0.3.0 56.00 98.00 154.00 NOTE
r-oldrel-macos-arm64 0.3.0 35.00 NOTE
r-oldrel-macos-x86_64 0.3.0 51.00 NOTE
r-oldrel-windows-ix86+x86_64 0.3.0 15.00 95.00 110.00 NOTE

Check Details

Version: 0.3.0
Check: LazyData
Result: NOTE
     'LazyData' is specified without a 'data' directory
Flavors: r-devel-linux-x86_64-debian-clang, r-devel-linux-x86_64-debian-gcc, r-devel-linux-x86_64-fedora-clang, r-devel-linux-x86_64-fedora-gcc, r-devel-windows-x86_64, r-patched-linux-x86_64, r-release-linux-x86_64, r-release-macos-arm64, r-release-macos-x86_64, r-release-windows-x86_64, r-oldrel-macos-arm64, r-oldrel-macos-x86_64, r-oldrel-windows-ix86+x86_64