CRAN Package Check Results for Package fmerPack

Last updated on 2022-05-16 12:55:00 CEST.

Flavor Version Tinstall Tcheck Ttotal Status Flags
r-devel-linux-x86_64-debian-clang 0.0-1 43.01 114.33 157.34 OK
r-devel-linux-x86_64-debian-gcc 0.0-1 32.90 85.84 118.74 OK
r-devel-linux-x86_64-fedora-clang 0.0-1 198.39 NOTE
r-devel-linux-x86_64-fedora-gcc 0.0-1 188.64 NOTE
r-devel-windows-x86_64 0.0-1 42.00 139.00 181.00 OK
r-patched-linux-x86_64 0.0-1 34.76 106.86 141.62 OK
r-release-linux-x86_64 0.0-1 39.28 108.18 147.46 OK
r-release-macos-arm64 0.0-1 49.00 NOTE
r-release-macos-x86_64 0.0-1 65.00 NOTE
r-release-windows-x86_64 0.0-1 38.00 136.00 174.00 OK
r-oldrel-macos-arm64 0.0-1 57.00 NOTE
r-oldrel-macos-x86_64 0.0-1 87.00 NOTE
r-oldrel-windows-ix86+x86_64 0.0-1 101.00 168.00 269.00 OK

Check Details

Version: 0.0-1
Check: dependencies in R code
Result: NOTE
    Namespace in Imports field not imported from: ‘MASS’
     All declared Imports should be used.
Flavors: r-devel-linux-x86_64-fedora-clang, r-devel-linux-x86_64-fedora-gcc, r-release-macos-arm64, r-release-macos-x86_64, r-oldrel-macos-arm64, r-oldrel-macos-x86_64