CRAN Package Check Results for Package fmriqa

Last updated on 2022-05-26 05:57:48 CEST.

Flavor Version Tinstall Tcheck Ttotal Status Flags
r-devel-linux-x86_64-debian-clang 0.3.0 12.27 147.89 160.16 NOTE
r-devel-linux-x86_64-debian-gcc 0.3.0 11.15 123.02 134.17 NOTE
r-devel-linux-x86_64-fedora-clang 0.3.0 191.30 NOTE
r-devel-linux-x86_64-fedora-gcc 0.3.0 188.45 NOTE
r-devel-windows-x86_64 0.3.0 17.00 151.00 168.00 NOTE
r-patched-linux-x86_64 0.3.0 12.39 141.39 153.78 NOTE
r-release-linux-x86_64 0.3.0 NOTE
r-release-macos-arm64 0.3.0 65.00 NOTE
r-release-macos-x86_64 0.3.0 128.00 NOTE
r-release-windows-x86_64 0.3.0 17.00 153.00 170.00 NOTE
r-oldrel-macos-arm64 0.3.0 93.00 NOTE
r-oldrel-macos-x86_64 0.3.0 99.00 NOTE
r-oldrel-windows-ix86+x86_64 0.3.0 29.00 148.00 177.00 NOTE

Check Details

Version: 0.3.0
Check: LazyData
Result: NOTE
     'LazyData' is specified without a 'data' directory
Flavors: r-devel-linux-x86_64-debian-clang, r-devel-linux-x86_64-debian-gcc, r-devel-linux-x86_64-fedora-clang, r-devel-linux-x86_64-fedora-gcc, r-devel-windows-x86_64, r-patched-linux-x86_64, r-release-linux-x86_64, r-release-macos-arm64, r-release-macos-x86_64, r-release-windows-x86_64, r-oldrel-macos-arm64, r-oldrel-macos-x86_64, r-oldrel-windows-ix86+x86_64