CRAN Package Check Results for Package foreSIGHT

Last updated on 2022-05-21 00:50:55 CEST.

Flavor Version Tinstall Tcheck Ttotal Status Flags
r-devel-linux-x86_64-debian-clang 1.0.0 45.27 292.68 337.95 OK
r-devel-linux-x86_64-debian-gcc 1.0.0 35.62 211.78 247.40 OK
r-devel-linux-x86_64-fedora-clang 1.0.0 394.76 NOTE
r-devel-linux-x86_64-fedora-gcc 1.0.0 369.43 NOTE
r-devel-windows-x86_64 1.0.0 121.00 342.00 463.00 OK
r-patched-linux-x86_64 1.0.0 39.10 271.31 310.41 OK
r-release-linux-x86_64 1.0.0 37.85 276.44 314.29 OK
r-release-macos-arm64 1.0.0 115.00 NOTE
r-release-macos-x86_64 1.0.0 222.00 NOTE
r-release-windows-x86_64 1.0.0 113.00 355.00 468.00 OK
r-oldrel-macos-arm64 1.0.0 147.00 NOTE
r-oldrel-macos-x86_64 1.0.0 169.00 NOTE
r-oldrel-windows-ix86+x86_64 1.0.0 105.00 394.00 499.00 NOTE

Check Details

Version: 1.0.0
Check: dependencies in R code
Result: NOTE
    Namespace in Imports field not imported from: ‘RColorBrewer’
     All declared Imports should be used.
Flavors: r-devel-linux-x86_64-fedora-clang, r-devel-linux-x86_64-fedora-gcc, r-release-macos-arm64, r-release-macos-x86_64, r-oldrel-macos-arm64, r-oldrel-macos-x86_64

Version: 1.0.0
Check: installed package size
Result: NOTE
     installed size is 5.2Mb
     sub-directories of 1Mb or more:
     doc 1.9Mb
     libs 2.0Mb
Flavor: r-oldrel-windows-ix86+x86_64