CRAN Package Check Results for Package foreach

Last updated on 2022-01-23 18:50:50 CET.

Flavor Version Tinstall Tcheck Ttotal Status Flags
r-devel-linux-x86_64-debian-clang 1.5.1 3.07 60.75 63.82 OK
r-devel-linux-x86_64-debian-gcc 1.5.1 2.40 49.11 51.51 OK
r-devel-linux-x86_64-fedora-clang 1.5.1 76.28 OK
r-devel-linux-x86_64-fedora-gcc 1.5.1 65.87 OK
r-devel-windows-x86_64-new-UL 1.5.1 47.00 171.00 218.00 NOTE
r-devel-windows-x86_64-new-TK 1.5.1 NOTE
r-patched-linux-x86_64 1.5.1 2.72 59.17 61.89 OK
r-release-linux-x86_64 1.5.1 2.49 58.56 61.05 OK
r-release-macos-arm64 1.5.1 OK
r-release-macos-x86_64 1.5.1 OK
r-release-windows-ix86+x86_64 1.5.1 8.00 150.00 158.00 NOTE
r-oldrel-macos-x86_64 1.5.1 OK
r-oldrel-windows-ix86+x86_64 1.5.1 7.00 154.00 161.00 NOTE

Check Details

Version: 1.5.1
Check: package dependencies
Result: NOTE
    Package suggested but not available for checking: 'doMC'
Flavors: r-devel-windows-x86_64-new-UL, r-devel-windows-x86_64-new-TK, r-release-windows-ix86+x86_64, r-oldrel-windows-ix86+x86_64