CRAN Package Check Results for Package forestRK

Last updated on 2022-05-27 04:56:38 CEST.

Flavor Version Tinstall Tcheck Ttotal Status Flags
r-devel-linux-x86_64-debian-clang 0.0-5 13.57 161.66 175.23 OK
r-devel-linux-x86_64-debian-gcc 0.0-5 9.69 118.59 128.28 OK
r-devel-linux-x86_64-fedora-clang 0.0-5 202.35 NOTE
r-devel-linux-x86_64-fedora-gcc 0.0-5 198.45 NOTE
r-devel-windows-x86_64 0.0-5 37.00 172.00 209.00 OK
r-patched-linux-x86_64 0.0-5 12.16 151.62 163.78 OK
r-release-linux-x86_64 0.0-5 13.12 152.89 166.01 OK
r-release-macos-arm64 0.0-5 50.00 NOTE
r-release-macos-x86_64 0.0-5 108.00 NOTE
r-release-windows-x86_64 0.0-5 27.00 170.00 197.00 OK
r-oldrel-macos-arm64 0.0-5 58.00 NOTE
r-oldrel-macos-x86_64 0.0-5 107.00 NOTE
r-oldrel-windows-ix86+x86_64 0.0-5 30.00 170.00 200.00 OK

Check Details

Version: 0.0-5
Check: dependencies in R code
Result: NOTE
    Namespace in Imports field not imported from: ‘pkgKitten’
     All declared Imports should be used.
Flavors: r-devel-linux-x86_64-fedora-clang, r-devel-linux-x86_64-fedora-gcc, r-release-macos-arm64, r-release-macos-x86_64, r-oldrel-macos-arm64, r-oldrel-macos-x86_64