Last updated on 2023-02-09 13:00:19 CET.
Flavor | Version | Tinstall | Tcheck | Ttotal | Status | Flags |
---|---|---|---|---|---|---|
r-devel-linux-x86_64-debian-clang | 0.3.0 | 8.07 | 167.69 | 175.76 | OK | |
r-devel-linux-x86_64-debian-gcc | 0.3.0 | 6.53 | 122.58 | 129.11 | OK | |
r-devel-linux-x86_64-fedora-clang | 0.3.0 | 203.33 | NOTE | |||
r-devel-linux-x86_64-fedora-gcc | 0.3.0 | 202.44 | NOTE | |||
r-devel-windows-x86_64 | 0.3.0 | 43.00 | 366.00 | 409.00 | OK | |
r-patched-linux-x86_64 | 0.3.0 | 7.72 | 158.97 | 166.69 | OK | |
r-release-linux-x86_64 | 0.3.0 | 6.32 | 160.03 | 166.35 | OK | |
r-release-macos-arm64 | 0.3.0 | 157.00 | OK | |||
r-release-macos-x86_64 | 0.3.0 | 189.00 | OK | |||
r-release-windows-x86_64 | 0.3.0 | 59.00 | 381.00 | 440.00 | OK | |
r-oldrel-macos-arm64 | 0.3.0 | 131.00 | OK | |||
r-oldrel-macos-x86_64 | 0.3.0 | 188.00 | OK | |||
r-oldrel-windows-ix86+x86_64 | 0.3.0 | 18.00 | 348.00 | 366.00 | OK |
Version: 0.3.0
Check: data for non-ASCII characters
Result: NOTE
Note: found 1 marked UTF-8 string
Flavors: r-devel-linux-x86_64-fedora-clang, r-devel-linux-x86_64-fedora-gcc