CRAN Package Check Results for Package fractalRegression

Last updated on 2024-05-30 23:55:40 CEST.

Flavor Version Tinstall Tcheck Ttotal Status Flags
r-devel-linux-x86_64-debian-clang 1.2 206.75 52.70 259.45 WARN
r-devel-linux-x86_64-debian-gcc 1.2 144.60 37.65 182.25 NOTE
r-devel-linux-x86_64-fedora-clang 1.2 408.75 NOTE
r-devel-linux-x86_64-fedora-gcc 1.2 431.21 NOTE
r-devel-windows-x86_64 1.2 158.00 85.00 243.00 OK
r-patched-linux-x86_64 1.2 174.21 48.81 223.02 NOTE
r-release-linux-x86_64 1.2 181.13 49.37 230.50 OK
r-release-macos-arm64 1.2 67.00 NOTE
r-release-windows-x86_64 1.2 165.00 88.00 253.00 OK
r-oldrel-macos-arm64 1.2 70.00 NOTE
r-oldrel-macos-x86_64 1.2 81.00 NOTE
r-oldrel-windows-x86_64 1.2 202.00 97.00 299.00 OK

Check Details

Version: 1.2
Check: whether package can be installed
Result: WARN Found the following significant warnings: dfa.cpp:155:9: warning: using integer absolute value function 'abs' when argument is of floating point type [-Wabsolute-value] See ‘/home/hornik/tmp/R.check/r-devel-clang/Work/PKGS/fractalRegression.Rcheck/00install.out’ for details. * used C++ compiler: ‘Debian clang version 18.1.6 (1)’ Flavor: r-devel-linux-x86_64-debian-clang

Version: 1.2
Check: package dependencies
Result: NOTE Package suggested but not available for checking: ‘crqa’ Flavors: r-devel-linux-x86_64-debian-gcc, r-devel-linux-x86_64-fedora-clang, r-devel-linux-x86_64-fedora-gcc, r-patched-linux-x86_64

Version: 1.2
Check: installed package size
Result: NOTE installed size is 5.5Mb sub-directories of 1Mb or more: libs 5.1Mb Flavors: r-release-macos-arm64, r-oldrel-macos-arm64, r-oldrel-macos-x86_64