Last updated on 2022-05-21 07:55:23 CEST.
Flavor | Version | Tinstall | Tcheck | Ttotal | Status | Flags |
---|---|---|---|---|---|---|
r-devel-linux-x86_64-debian-clang | 2.1.0 | 4.38 | 68.34 | 72.72 | OK | |
r-devel-linux-x86_64-debian-gcc | 2.1.0 | 3.42 | 52.84 | 56.26 | OK | |
r-devel-linux-x86_64-fedora-clang | 2.1.0 | 86.39 | NOTE | |||
r-devel-linux-x86_64-fedora-gcc | 2.1.0 | 83.67 | NOTE | |||
r-devel-windows-x86_64 | 2.1.0 | 36.00 | 122.00 | 158.00 | OK | |
r-patched-linux-x86_64 | 2.1.0 | 4.97 | 64.64 | 69.61 | OK | |
r-release-linux-x86_64 | 2.1.0 | 3.17 | 66.46 | 69.63 | OK | |
r-release-macos-arm64 | 2.1.0 | 34.00 | NOTE | |||
r-release-macos-x86_64 | 2.1.0 | 44.00 | NOTE | |||
r-release-windows-x86_64 | 2.1.0 | 32.00 | 128.00 | 160.00 | OK | |
r-oldrel-macos-arm64 | 2.1.0 | 33.00 | NOTE | |||
r-oldrel-macos-x86_64 | 2.1.0 | 44.00 | NOTE | |||
r-oldrel-windows-ix86+x86_64 | 2.1.0 | 9.00 | 79.00 | 88.00 | OK |
Version: 2.1.0
Check: data for non-ASCII characters
Result: NOTE
Note: found 1 marked UTF-8 string
Flavors: r-devel-linux-x86_64-fedora-clang, r-devel-linux-x86_64-fedora-gcc, r-release-macos-arm64, r-release-macos-x86_64, r-oldrel-macos-arm64, r-oldrel-macos-x86_64