CRAN Package Check Results for Package fresh

Last updated on 2022-05-22 23:51:44 CEST.

Flavor Version Tinstall Tcheck Ttotal Status Flags
r-devel-linux-x86_64-debian-clang 0.2.0 7.06 73.18 80.24 NOTE
r-devel-linux-x86_64-debian-gcc 0.2.0 6.00 55.69 61.69 NOTE
r-devel-linux-x86_64-fedora-clang 0.2.0 93.28 NOTE
r-devel-linux-x86_64-fedora-gcc 0.2.0 90.75 NOTE
r-devel-windows-x86_64 0.2.0 396.00 130.00 526.00 NOTE
r-patched-linux-x86_64 0.2.0 7.85 69.78 77.63 NOTE
r-release-linux-x86_64 0.2.0 5.36 70.95 76.31 NOTE
r-release-macos-arm64 0.2.0 31.00 NOTE
r-release-macos-x86_64 0.2.0 47.00 NOTE
r-release-windows-x86_64 0.2.0 612.00 155.00 767.00 NOTE
r-oldrel-macos-arm64 0.2.0 37.00 NOTE
r-oldrel-macos-x86_64 0.2.0 58.00 NOTE
r-oldrel-windows-ix86+x86_64 0.2.0 19.00 105.00 124.00 NOTE

Check Details

Version: 0.2.0
Check: LazyData
Result: NOTE
     'LazyData' is specified without a 'data' directory
Flavors: r-devel-linux-x86_64-debian-clang, r-devel-linux-x86_64-debian-gcc, r-devel-linux-x86_64-fedora-clang, r-devel-linux-x86_64-fedora-gcc, r-devel-windows-x86_64, r-patched-linux-x86_64, r-release-linux-x86_64, r-release-macos-arm64, r-release-macos-x86_64, r-release-windows-x86_64, r-oldrel-macos-arm64, r-oldrel-macos-x86_64, r-oldrel-windows-ix86+x86_64