Last updated on 2022-05-28 07:55:58 CEST.
Flavor | Version | Tinstall | Tcheck | Ttotal | Status | Flags |
---|---|---|---|---|---|---|
r-devel-linux-x86_64-debian-clang | 6.1 | 32.13 | 305.28 | 337.41 | OK | |
r-devel-linux-x86_64-debian-gcc | 6.1 | 25.79 | 225.87 | 251.66 | OK | |
r-devel-linux-x86_64-fedora-clang | 6.1 | 391.75 | OK | |||
r-devel-linux-x86_64-fedora-gcc | 6.1 | 390.14 | OK | |||
r-devel-windows-x86_64 | 6.1 | 64.00 | 386.00 | 450.00 | OK | |
r-patched-linux-x86_64 | 6.1 | 34.42 | 287.03 | 321.45 | OK | |
r-release-linux-x86_64 | 6.1 | 28.24 | 287.65 | 315.89 | OK | |
r-release-macos-arm64 | 6.1 | 107.00 | OK | |||
r-release-macos-x86_64 | 6.1 | 177.00 | NOTE | |||
r-release-windows-x86_64 | 6.1 | 74.00 | 383.00 | 457.00 | OK | |
r-oldrel-macos-arm64 | 6.1 | 108.00 | OK | |||
r-oldrel-macos-x86_64 | 6.1 | 155.00 | OK | |||
r-oldrel-windows-ix86+x86_64 | 6.1 | 67.00 | 329.00 | 396.00 | OK |
Version: 6.1
Check: package dependencies
Result: NOTE
Package suggested but not available for checking: ‘R2jags’
Flavor: r-release-macos-x86_64