CRAN Package Check Results for Package fuzzr

Last updated on 2022-05-28 04:54:52 CEST.

Flavor Version Tinstall Tcheck Ttotal Status Flags
r-devel-linux-x86_64-debian-clang 0.2.2 2.50 48.30 50.80 NOTE
r-devel-linux-x86_64-debian-gcc 0.2.2 1.95 37.35 39.30 NOTE
r-devel-linux-x86_64-fedora-clang 0.2.2 62.27 NOTE
r-devel-linux-x86_64-fedora-gcc 0.2.2 59.71 NOTE
r-devel-windows-x86_64 0.2.2 11.00 70.00 81.00 NOTE
r-patched-linux-x86_64 0.2.2 2.61 46.73 49.34 NOTE
r-release-linux-x86_64 0.2.2 2.22 47.87 50.09 NOTE
r-release-macos-arm64 0.2.2 21.00 NOTE
r-release-macos-x86_64 0.2.2 30.00 NOTE
r-release-windows-x86_64 0.2.2 12.00 66.00 78.00 NOTE
r-oldrel-macos-arm64 0.2.2 25.00 NOTE
r-oldrel-macos-x86_64 0.2.2 32.00 NOTE
r-oldrel-windows-ix86+x86_64 0.2.2 6.00 57.00 63.00 NOTE

Check Details

Version: 0.2.2
Check: LazyData
Result: NOTE
     'LazyData' is specified without a 'data' directory
Flavors: r-devel-linux-x86_64-debian-clang, r-devel-linux-x86_64-debian-gcc, r-devel-linux-x86_64-fedora-clang, r-devel-linux-x86_64-fedora-gcc, r-devel-windows-x86_64, r-patched-linux-x86_64, r-release-linux-x86_64, r-release-macos-arm64, r-release-macos-x86_64, r-release-windows-x86_64, r-oldrel-macos-arm64, r-oldrel-macos-x86_64, r-oldrel-windows-ix86+x86_64