CRAN Package Check Results for Package fuzzyjoin

Last updated on 2024-04-15 20:55:39 CEST.

Flavor Version Tinstall Tcheck Ttotal Status Flags
r-devel-linux-x86_64-debian-clang 0.1.6 5.81 139.06 144.87 NOTE
r-devel-linux-x86_64-debian-gcc 0.1.6 3.32 105.71 109.03 NOTE
r-devel-linux-x86_64-fedora-clang 0.1.6 184.00 NOTE
r-devel-linux-x86_64-fedora-gcc 0.1.6 186.68 NOTE
r-prerel-macos-arm64 0.1.6 62.00 NOTE
r-prerel-windows-x86_64 0.1.6 6.00 113.00 119.00 NOTE
r-patched-linux-x86_64 0.1.6 9.43 133.28 142.71 NOTE
r-release-linux-x86_64 0.1.6 4.12 133.01 137.13 OK
r-release-macos-arm64 0.1.6 67.00 OK
r-release-macos-x86_64 0.1.6 96.00 OK
r-release-windows-x86_64 0.1.6 8.00 138.00 146.00 OK
r-oldrel-macos-arm64 0.1.6 74.00 NOTE
r-oldrel-windows-x86_64 0.1.6 7.00 138.00 145.00 OK

Check Details

Version: 0.1.6
Check: Rd files
Result: NOTE checkRd: (-1) misspellings.Rd:18: Lost braces 18 | This is a code{tbl_df} mapping misspellings of their words, compiled by | ^ Flavors: r-devel-linux-x86_64-debian-clang, r-devel-linux-x86_64-debian-gcc, r-devel-linux-x86_64-fedora-clang, r-devel-linux-x86_64-fedora-gcc, r-prerel-macos-arm64, r-prerel-windows-x86_64, r-patched-linux-x86_64

Version: 0.1.6
Check: package dependencies
Result: NOTE Package suggested but not available for checking: ‘IRanges’ Flavor: r-oldrel-macos-arm64

Version: 0.1.6
Check: Rd cross-references
Result: NOTE Package unavailable to check Rd xrefs: ‘IRanges’ Flavor: r-oldrel-macos-arm64