CRAN Package Check Results for Package fy

Last updated on 2022-05-22 18:53:22 CEST.

Flavor Version Tinstall Tcheck Ttotal Status Flags
r-devel-linux-x86_64-debian-clang 0.3.0 3.15 43.92 47.07 NOTE
r-devel-linux-x86_64-debian-gcc 0.3.0 2.00 32.67 34.67 NOTE
r-devel-linux-x86_64-fedora-clang 0.3.0 56.81 NOTE
r-devel-linux-x86_64-fedora-gcc 0.3.0 53.93 NOTE
r-devel-windows-x86_64 0.3.0 12.00 57.00 69.00 NOTE
r-patched-linux-x86_64 0.3.0 3.18 41.33 44.51 NOTE
r-release-linux-x86_64 0.3.0 3.27 40.86 44.13 NOTE
r-release-macos-arm64 0.3.0 17.00 NOTE
r-release-macos-x86_64 0.3.0 27.00 NOTE
r-release-windows-x86_64 0.3.0 13.00 60.00 73.00 NOTE
r-oldrel-macos-arm64 0.3.0 23.00 NOTE
r-oldrel-macos-x86_64 0.3.0 31.00 NOTE
r-oldrel-windows-ix86+x86_64 0.3.0 7.00 50.00 57.00 NOTE

Check Details

Version: 0.3.0
Check: LazyData
Result: NOTE
     'LazyData' is specified without a 'data' directory
Flavors: r-devel-linux-x86_64-debian-clang, r-devel-linux-x86_64-debian-gcc, r-devel-linux-x86_64-fedora-clang, r-devel-linux-x86_64-fedora-gcc, r-devel-windows-x86_64, r-patched-linux-x86_64, r-release-linux-x86_64, r-release-macos-arm64, r-release-macos-x86_64, r-release-windows-x86_64, r-oldrel-macos-arm64, r-oldrel-macos-x86_64, r-oldrel-windows-ix86+x86_64