Last updated on 2022-05-21 09:53:00 CEST.
Flavor | Version | Tinstall | Tcheck | Ttotal | Status | Flags |
---|---|---|---|---|---|---|
r-devel-linux-x86_64-debian-clang | 1.20.1 | 14.77 | 51.96 | 66.73 | OK | |
r-devel-linux-x86_64-debian-gcc | 1.20.1 | 11.55 | 39.14 | 50.69 | OK | |
r-devel-linux-x86_64-fedora-clang | 1.20.1 | 78.79 | OK | |||
r-devel-linux-x86_64-fedora-gcc | 1.20.1 | 77.57 | OK | |||
r-devel-windows-x86_64 | 1.20.1 | 34.00 | 70.00 | 104.00 | OK | |
r-patched-linux-x86_64 | 1.20.1 | 14.72 | 49.66 | 64.38 | OK | |
r-release-linux-x86_64 | 1.20.1 | 12.69 | 49.04 | 61.73 | OK | |
r-release-macos-arm64 | 1.20.1 | 382.00 | WARN | |||
r-release-macos-x86_64 | 1.20.1 | 36.00 | OK | |||
r-release-windows-x86_64 | 1.20.1 | 37.00 | 72.00 | 109.00 | OK | |
r-oldrel-macos-arm64 | 1.20.1 | 29.00 | OK | |||
r-oldrel-macos-x86_64 | 1.20.1 | 33.00 | OK | |||
r-oldrel-windows-ix86+x86_64 | 1.20.1 | 38.00 | 71.00 | 109.00 | OK |
Version: 1.20.1
Check: whether package can be installed
Result: WARN
Found the following significant warnings:
Warning: ‘zrank’ is used uninitialized [-Wuninitialized]
Flavor: r-release-macos-arm64