CRAN Package Check Results for Package gapfill

Last updated on 2024-05-30 20:51:25 CEST.

Flavor Version Tinstall Tcheck Ttotal Status Flags
r-devel-linux-x86_64-debian-clang 0.9.6-1 31.97 154.18 186.15 NOTE
r-devel-linux-x86_64-debian-gcc 0.9.6-1 20.85 113.93 134.78 NOTE
r-devel-linux-x86_64-fedora-clang 0.9.6-1 244.31 NOTE
r-devel-linux-x86_64-fedora-gcc 0.9.6-1 236.48 NOTE
r-devel-windows-x86_64 0.9.6-1 28.00 133.00 161.00 NOTE
r-patched-linux-x86_64 0.9.6-1 27.77 149.57 177.34 NOTE
r-release-linux-x86_64 0.9.6-1 26.08 148.24 174.32 NOTE
r-release-macos-arm64 0.9.6-1 58.00 NOTE
r-release-windows-x86_64 0.9.6-1 29.00 137.00 166.00 NOTE
r-oldrel-macos-arm64 0.9.6-1 70.00 NOTE
r-oldrel-macos-x86_64 0.9.6-1 112.00 NOTE
r-oldrel-windows-x86_64 0.9.6-1 33.00 182.00 215.00 OK

Check Details

Version: 0.9.6-1
Check: Rd files
Result: NOTE checkRd: (-1) Gapfill.Rd:66-68: Lost braces in \itemize; \value handles \item{}{} directly checkRd: (-1) Gapfill.Rd:69-70: Lost braces in \itemize; \value handles \item{}{} directly checkRd: (-1) Gapfill.Rd:71-77: Lost braces in \itemize; \value handles \item{}{} directly checkRd: (-1) Gapfill.Rd:72: Lost braces in \itemize; \value handles \item{}{} directly checkRd: (-1) Gapfill.Rd:73: Lost braces in \itemize; \value handles \item{}{} directly checkRd: (-1) Gapfill.Rd:74: Lost braces in \itemize; \value handles \item{}{} directly checkRd: (-1) Gapfill.Rd:75: Lost braces in \itemize; \value handles \item{}{} directly checkRd: (-1) Gapfill.Rd:78: Lost braces in \itemize; \value handles \item{}{} directly checkRd: (-1) ndvi.Rd:10: Lost braces in \itemize; meant \describe ? checkRd: (-1) ndvi.Rd:11: Lost braces in \itemize; meant \describe ? checkRd: (-1) ndvi.Rd:12: Lost braces in \itemize; meant \describe ? checkRd: (-1) ndvi.Rd:13: Lost braces in \itemize; meant \describe ? Flavors: r-devel-linux-x86_64-debian-clang, r-devel-linux-x86_64-debian-gcc, r-devel-linux-x86_64-fedora-clang, r-devel-linux-x86_64-fedora-gcc, r-devel-windows-x86_64, r-patched-linux-x86_64, r-release-linux-x86_64, r-release-macos-arm64, r-release-windows-x86_64

Version: 0.9.6-1
Check: package dependencies
Result: NOTE Package which this enhances but not available for checking: ‘doMPI’ Flavors: r-release-macos-arm64, r-oldrel-macos-arm64, r-oldrel-macos-x86_64