CRAN Package Check Results for Package gatepoints

Last updated on 2022-06-30 02:52:25 CEST.

Flavor Version Tinstall Tcheck Ttotal Status Flags
r-devel-linux-x86_64-debian-clang 0.1.4 1.90 25.70 27.60 NOTE
r-devel-linux-x86_64-debian-gcc 0.1.4 1.53 19.90 21.43 NOTE
r-devel-linux-x86_64-fedora-clang 0.1.4 44.78 NOTE
r-devel-linux-x86_64-fedora-gcc 0.1.4 43.59 NOTE
r-devel-windows-x86_64 0.1.4 18.00 54.00 72.00 NOTE
r-patched-linux-x86_64 0.1.4 2.38 24.45 26.83 NOTE
r-release-linux-x86_64 0.1.4 1.55 24.36 25.91 NOTE
r-release-macos-arm64 0.1.4 16.00 NOTE
r-release-macos-x86_64 0.1.4 23.00 NOTE
r-release-windows-x86_64 0.1.4 11.00 53.00 64.00 NOTE
r-oldrel-macos-arm64 0.1.4 20.00 NOTE
r-oldrel-macos-x86_64 0.1.4 31.00 NOTE
r-oldrel-windows-ix86+x86_64 0.1.4 5.00 48.00 53.00 NOTE

Check Details

Version: 0.1.4
Check: LazyData
Result: NOTE
     'LazyData' is specified without a 'data' directory
Flavors: r-devel-linux-x86_64-debian-clang, r-devel-linux-x86_64-debian-gcc, r-devel-linux-x86_64-fedora-clang, r-devel-linux-x86_64-fedora-gcc, r-devel-windows-x86_64, r-patched-linux-x86_64, r-release-linux-x86_64, r-release-macos-arm64, r-release-macos-x86_64, r-release-windows-x86_64, r-oldrel-macos-arm64, r-oldrel-macos-x86_64, r-oldrel-windows-ix86+x86_64