Last updated on 2022-05-22 23:51:44 CEST.
Flavor | Version | Tinstall | Tcheck | Ttotal | Status | Flags |
---|---|---|---|---|---|---|
r-devel-linux-x86_64-debian-clang | 0.6.1 | 440.08 | 158.59 | 598.67 | OK | |
r-devel-linux-x86_64-debian-gcc | 0.6.1 | 402.53 | 119.79 | 522.32 | OK | |
r-devel-linux-x86_64-fedora-clang | 0.6.1 | 771.35 | NOTE | |||
r-devel-linux-x86_64-fedora-gcc | 0.6.1 | 864.08 | OK | |||
r-devel-windows-x86_64 | 0.6.1 | 2467.00 | 549.00 | 3016.00 | NOTE | |
r-patched-linux-x86_64 | 0.6.1 | 444.10 | 157.04 | 601.14 | OK | |
r-release-linux-x86_64 | 0.6.1 | 422.73 | 155.58 | 578.31 | OK | |
r-release-macos-arm64 | 0.6.1 | 223.00 | NOTE | |||
r-release-macos-x86_64 | 0.6.1 | 29.00 | ERROR | |||
r-release-windows-x86_64 | 0.6.1 | 2392.00 | 567.00 | 2959.00 | NOTE | |
r-oldrel-macos-arm64 | 0.6.1 | 266.00 | NOTE | |||
r-oldrel-macos-x86_64 | 0.6.1 | 288.00 | NOTE | |||
r-oldrel-windows-ix86+x86_64 | 0.6.1 | 1032.00 | 762.00 | 1794.00 | NOTE |
Version: 0.6.1
Check: installed package size
Result: NOTE
installed size is 29.7Mb
sub-directories of 1Mb or more:
L8NY18 2.3Mb
libs 26.3Mb
Flavors: r-devel-linux-x86_64-fedora-clang, r-devel-windows-x86_64, r-release-macos-arm64, r-release-windows-x86_64, r-oldrel-macos-arm64, r-oldrel-macos-x86_64, r-oldrel-windows-ix86+x86_64
Version: 0.6.1
Check: whether package can be installed
Result: ERROR
Installation failed.
Flavor: r-release-macos-x86_64