Last updated on 2022-05-19 05:51:54 CEST.
Flavor | Version | Tinstall | Tcheck | Ttotal | Status | Flags |
---|---|---|---|---|---|---|
r-devel-linux-x86_64-debian-clang | 1.5.0-3 | 48.17 | 339.94 | 388.11 | OK | |
r-devel-linux-x86_64-debian-gcc | 1.5.0-3 | 39.33 | 245.96 | 285.29 | OK | |
r-devel-linux-x86_64-fedora-clang | 1.5.0-3 | 447.07 | OK | |||
r-devel-linux-x86_64-fedora-gcc | 1.5.0-3 | 443.44 | OK | |||
r-devel-windows-x86_64 | 1.5.0-3 | 57.00 | 322.00 | 379.00 | NOTE | |
r-patched-linux-x86_64 | 1.5.0-3 | 35.63 | 322.35 | 357.98 | OK | |
r-release-linux-x86_64 | 1.5.0-3 | 40.62 | 320.45 | 361.07 | OK | |
r-release-macos-arm64 | 1.5.0-3 | 87.00 | OK | |||
r-release-macos-x86_64 | 1.5.0-3 | 138.00 | OK | |||
r-release-windows-x86_64 | 1.5.0-3 | 64.00 | 325.00 | 389.00 | NOTE | |
r-oldrel-macos-arm64 | 1.5.0-3 | 85.00 | OK | |||
r-oldrel-macos-x86_64 | 1.5.0-3 | 126.00 | OK | |||
r-oldrel-windows-ix86+x86_64 | 1.5.0-3 | 119.00 | 459.00 | 578.00 | NOTE |
Version: 1.5.0-3
Check: installed package size
Result: NOTE
installed size is 5.0Mb
sub-directories of 1Mb or more:
extdata 3.0Mb
Flavors: r-devel-windows-x86_64, r-release-windows-x86_64, r-oldrel-windows-ix86+x86_64