Last updated on 2022-05-19 03:55:57 CEST.
Flavor | Version | Tinstall | Tcheck | Ttotal | Status | Flags |
---|---|---|---|---|---|---|
r-devel-linux-x86_64-debian-clang | 0.2.0 | 3.90 | 91.38 | 95.28 | OK | |
r-devel-linux-x86_64-debian-gcc | 0.2.0 | 3.07 | 69.71 | 72.78 | OK | |
r-devel-linux-x86_64-fedora-clang | 0.2.0 | 110.39 | NOTE | |||
r-devel-linux-x86_64-fedora-gcc | 0.2.0 | 109.41 | NOTE | |||
r-devel-windows-x86_64 | 0.2.0 | 27.00 | 314.00 | 341.00 | OK | |
r-patched-linux-x86_64 | 0.2.0 | 3.15 | 87.51 | 90.66 | OK | |
r-release-linux-x86_64 | 0.2.0 | 3.00 | 88.31 | 91.31 | OK | |
r-release-macos-arm64 | 0.2.0 | 227.00 | NOTE | |||
r-release-macos-x86_64 | 0.2.0 | 266.00 | NOTE | |||
r-release-windows-x86_64 | 0.2.0 | 23.00 | 314.00 | 337.00 | OK | |
r-oldrel-macos-arm64 | 0.2.0 | 226.00 | NOTE | |||
r-oldrel-macos-x86_64 | 0.2.0 | 239.00 | NOTE | |||
r-oldrel-windows-ix86+x86_64 | 0.2.0 | 9.00 | 303.00 | 312.00 | OK |
Version: 0.2.0
Check: dependencies in R code
Result: NOTE
Namespaces in Imports field not imported from:
‘knitr’ ‘lifecycle’
All declared Imports should be used.
Flavors: r-devel-linux-x86_64-fedora-clang, r-devel-linux-x86_64-fedora-gcc, r-release-macos-arm64, r-release-macos-x86_64, r-oldrel-macos-arm64, r-oldrel-macos-x86_64