CRAN Package Check Results for Package geepack

Last updated on 2022-01-20 00:49:54 CET.

Flavor Version Tinstall Tcheck Ttotal Status Flags
r-devel-linux-x86_64-debian-clang 1.3.3 OK
r-devel-linux-x86_64-debian-gcc 1.3.3 24.04 56.30 80.34 OK
r-devel-linux-x86_64-fedora-clang 1.3.3 160.50 OK
r-devel-linux-x86_64-fedora-gcc 1.3.3 119.83 OK
r-devel-windows-x86_64-new-UL 1.3.3 62.00 132.00 194.00 OK
r-devel-windows-x86_64-new-TK 1.3.3 OK
r-patched-linux-x86_64 1.3.3 26.68 68.65 95.33 OK
r-release-linux-x86_64 1.3.3 OK
r-release-macos-arm64 1.3.3 OK
r-release-macos-x86_64 1.3.3 WARN --as-cran
r-release-windows-ix86+x86_64 1.3.3 64.00 130.00 194.00 OK
r-oldrel-macos-x86_64 1.3-2 OK
r-oldrel-windows-ix86+x86_64 1.3.3 65.00 132.00 197.00 OK

Check Details

Version: 1.3.3
Flags: --as-cran
Check: CRAN incoming feasibility
Result: WARN
    Maintainer: ‘Søren Højsgaard <sorenh@math.aau.dk>’
    
    Insufficient package version (submitted: 1.3.3, existing: 1.3.3)
    
    Days since last update: 0
Flavor: r-release-macos-x86_64

Version: 1.3.3
Flags: --as-cran
Check: top-level files
Result: NOTE
    Files ‘README.md’ or ‘NEWS.md’ cannot be checked without ‘pandoc’ being installed.
Flavor: r-release-macos-x86_64

Version: 1.3.3
Flags: --as-cran
Check: sizes of PDF files under ‘inst/doc’
Result: NOTE
    Unable to find GhostScript executable to run checks on size reduction
Flavor: r-release-macos-x86_64