Last updated on 2022-05-28 05:53:08 CEST.
Flavor | Version | Tinstall | Tcheck | Ttotal | Status | Flags |
---|---|---|---|---|---|---|
r-devel-linux-x86_64-debian-clang | 1.0.1 | 4.83 | 62.78 | 67.61 | NOTE | |
r-devel-linux-x86_64-debian-gcc | 1.0.1 | 4.67 | 47.13 | 51.80 | NOTE | |
r-devel-linux-x86_64-fedora-clang | 1.0.1 | 80.92 | NOTE | |||
r-devel-linux-x86_64-fedora-gcc | 1.0.1 | 79.10 | NOTE | |||
r-devel-windows-x86_64 | 1.0.1 | 33.00 | 76.00 | 109.00 | NOTE | |
r-patched-linux-x86_64 | 1.0.1 | 6.01 | 58.35 | 64.36 | NOTE | |
r-release-linux-x86_64 | 1.0.1 | 5.96 | 59.11 | 65.07 | NOTE | |
r-release-macos-arm64 | 1.0.1 | 24.00 | NOTE | |||
r-release-macos-x86_64 | 1.0.1 | 45.00 | NOTE | |||
r-release-windows-x86_64 | 1.0.1 | 27.00 | 78.00 | 105.00 | NOTE | |
r-oldrel-macos-arm64 | 1.0.1 | 27.00 | NOTE | |||
r-oldrel-macos-x86_64 | 1.0.1 | 34.00 | NOTE | |||
r-oldrel-windows-ix86+x86_64 | 1.0.1 | 17.00 | 72.00 | 89.00 | NOTE |
Version: 1.0.1
Check: LazyData
Result: NOTE
'LazyData' is specified without a 'data' directory
Flavors: r-devel-linux-x86_64-debian-clang, r-devel-linux-x86_64-debian-gcc, r-devel-linux-x86_64-fedora-clang, r-devel-linux-x86_64-fedora-gcc, r-devel-windows-x86_64, r-patched-linux-x86_64, r-release-linux-x86_64, r-release-macos-arm64, r-release-macos-x86_64, r-release-windows-x86_64, r-oldrel-macos-arm64, r-oldrel-macos-x86_64, r-oldrel-windows-ix86+x86_64
Version: 1.0.1
Check: dependencies in R code
Result: NOTE
Namespaces in Imports field not imported from:
‘ggplot2’ ‘pracma’ ‘rlang’
All declared Imports should be used.
Flavors: r-devel-linux-x86_64-fedora-clang, r-devel-linux-x86_64-fedora-gcc, r-release-macos-arm64, r-release-macos-x86_64, r-oldrel-macos-arm64, r-oldrel-macos-x86_64