Last updated on 2022-05-22 18:53:22 CEST.
Flavor | Version | Tinstall | Tcheck | Ttotal | Status | Flags |
---|---|---|---|---|---|---|
r-devel-linux-x86_64-debian-clang | 1.1.7 | 135.37 | 60.74 | 196.11 | NOTE | |
r-devel-linux-x86_64-debian-gcc | 1.1.7 | 118.19 | 38.79 | 156.98 | NOTE | |
r-devel-linux-x86_64-fedora-clang | 1.1.7 | 300.90 | NOTE | |||
r-devel-linux-x86_64-fedora-gcc | 1.1.7 | 260.20 | NOTE | |||
r-devel-windows-x86_64 | 1.1.7 | 191.00 | 95.00 | 286.00 | NOTE | |
r-patched-linux-x86_64 | 1.1.7 | 129.45 | 47.93 | 177.38 | NOTE | |
r-release-linux-x86_64 | 1.1.7 | 120.12 | 48.75 | 168.87 | NOTE | |
r-release-macos-arm64 | 1.1.7 | 67.00 | NOTE | |||
r-release-macos-x86_64 | 1.1.7 | 82.00 | NOTE | |||
r-release-windows-x86_64 | 1.1.7 | 194.00 | 100.00 | 294.00 | NOTE | |
r-oldrel-macos-arm64 | 1.1.7 | 79.00 | NOTE | |||
r-oldrel-macos-x86_64 | 1.1.7 | 117.00 | NOTE | |||
r-oldrel-windows-ix86+x86_64 | 1.1.7 | 327.00 | 109.00 | 436.00 | NOTE |
Version: 1.1.7
Check: LazyData
Result: NOTE
'LazyData' is specified without a 'data' directory
Flavors: r-devel-linux-x86_64-debian-clang, r-devel-linux-x86_64-debian-gcc, r-devel-linux-x86_64-fedora-clang, r-devel-linux-x86_64-fedora-gcc, r-devel-windows-x86_64, r-patched-linux-x86_64, r-release-linux-x86_64, r-release-macos-arm64, r-release-macos-x86_64, r-release-windows-x86_64, r-oldrel-macos-arm64, r-oldrel-macos-x86_64, r-oldrel-windows-ix86+x86_64
Version: 1.1.7
Check: installed package size
Result: NOTE
installed size is 8.7Mb
sub-directories of 1Mb or more:
doc 1.0Mb
libs 6.6Mb
Flavors: r-devel-linux-x86_64-fedora-clang, r-release-macos-arm64, r-release-macos-x86_64, r-oldrel-macos-arm64, r-oldrel-macos-x86_64, r-oldrel-windows-ix86+x86_64