Last updated on 2022-05-21 01:49:01 CEST.
Flavor | Version | Tinstall | Tcheck | Ttotal | Status | Flags |
---|---|---|---|---|---|---|
r-devel-linux-x86_64-debian-clang | 1.0.6 | 8.95 | 191.14 | 200.09 | OK | |
r-devel-linux-x86_64-debian-gcc | 1.0.6 | 7.89 | 134.22 | 142.11 | OK | |
r-devel-linux-x86_64-fedora-clang | 1.0.6 | 222.97 | NOTE | |||
r-devel-linux-x86_64-fedora-gcc | 1.0.6 | 221.28 | NOTE | |||
r-devel-windows-x86_64 | 1.0.6 | 49.00 | 264.00 | 313.00 | OK | |
r-patched-linux-x86_64 | 1.0.6 | 11.72 | 176.67 | 188.39 | OK | |
r-release-linux-x86_64 | 1.0.6 | 8.97 | 177.47 | 186.44 | OK | |
r-release-macos-arm64 | 1.0.6 | 188.00 | NOTE | |||
r-release-macos-x86_64 | 1.0.6 | 261.00 | NOTE | |||
r-release-windows-x86_64 | 1.0.6 | 48.00 | 277.00 | 325.00 | OK | |
r-oldrel-macos-arm64 | 1.0.6 | 182.00 | NOTE | |||
r-oldrel-macos-x86_64 | 1.0.6 | 237.00 | NOTE | |||
r-oldrel-windows-ix86+x86_64 | 1.0.6 | 22.00 | 279.00 | 301.00 | OK |
Version: 1.0.6
Check: data for non-ASCII characters
Result: NOTE
Note: found 76726 marked UTF-8 strings
Flavors: r-devel-linux-x86_64-fedora-clang, r-devel-linux-x86_64-fedora-gcc, r-release-macos-arm64, r-release-macos-x86_64, r-oldrel-macos-arm64, r-oldrel-macos-x86_64