CRAN Package Check Results for Package geoknife

Last updated on 2022-05-29 13:51:16 CEST.

Flavor Version Tinstall Tcheck Ttotal Status Flags
r-devel-linux-x86_64-debian-clang 1.6.6 9.69 77.05 86.74 OK
r-devel-linux-x86_64-debian-gcc 1.6.6 7.97 59.43 67.40 OK
r-devel-linux-x86_64-fedora-clang 1.6.6 103.12 OK
r-devel-linux-x86_64-fedora-gcc 1.6.6 100.33 OK
r-devel-windows-x86_64 1.6.6 98.00 724.00 822.00 ERROR
r-patched-linux-x86_64 1.6.6 8.69 74.31 83.00 OK
r-release-linux-x86_64 1.6.6 11.15 74.46 85.61 OK
r-release-macos-arm64 1.6.6 200.00 OK
r-release-macos-x86_64 1.6.6 54.00 OK
r-release-windows-x86_64 1.6.6 113.00 113.00 226.00 OK
r-oldrel-macos-arm64 1.6.6 38.00 OK
r-oldrel-macos-x86_64 1.6.6 52.00 OK
r-oldrel-windows-ix86+x86_64 1.6.6 21.00 405.00 426.00 OK

Check Details

Version: 1.6.6
Check: tests
Result: ERROR
     Running 'testthat.R' [10m]
    Running the tests in 'tests/testthat.R' failed.
    Complete output:
     > library(testthat)
     > test_check('geoknife')
     Loading required package: geoknife
    
     Attaching package: 'geoknife'
    
     The following object is masked from 'package:stats':
    
     start
    
     The following object is masked from 'package:graphics':
    
     title
    
     The following object is masked from 'package:base':
    
     url
    
     [ FAIL 1 | WARN 0 | SKIP 70 | PASS 66 ]
    
     ══ Skipped tests ═══════════════════════════════════════════════════════════════
     • On CRAN (70)
    
     ══ Failed tests ════════════════════════════════════════════════════════════════
     ── Error (test-query_webgeom.R:32:3): query values returns only unique ─────────
     Error: Send failure: Connection was reset
     Backtrace:
     ▆
     1. ├─testthat::expect_false(...) at test-query_webgeom.R:32:2
     2. │ └─testthat::quasi_label(enquo(object), label, arg = "object")
     3. │ └─rlang::eval_bare(expr, quo_get_env(quo))
     4. ├─base::duplicated(...)
     5. ├─geoknife::query(...)
     6. └─geoknife::query(...)
     7. ├─geoknife:::gcontent(gGET(url))
     8. │ ├─xml2::read_xml(...)
     9. │ ├─base::iconv(...)
     10. │ └─base::readBin(response$content, character())
     11. └─geoknife:::gGET(url)
     12. └─geoknife:::retryVERB(httr::GET, url, ...)
    
     [ FAIL 1 | WARN 0 | SKIP 70 | PASS 66 ]
     Error: Test failures
     Execution halted
Flavor: r-devel-windows-x86_64