CRAN Package Check Results for Package georefdatar

Last updated on 2024-04-16 11:55:19 CEST.

Flavor Version Tinstall Tcheck Ttotal Status Flags
r-devel-linux-x86_64-debian-clang 0.6.5 3.25 34.18 37.43 OK
r-devel-linux-x86_64-debian-gcc 0.6.5 2.51 25.90 28.41 OK
r-devel-linux-x86_64-fedora-clang 0.6.5 46.36 NOTE
r-devel-linux-x86_64-fedora-gcc 0.6.5 46.01 NOTE
r-prerel-macos-arm64 0.6.5 19.00 OK
r-prerel-windows-x86_64 0.6.5 4.00 51.00 55.00 OK
r-patched-linux-x86_64 0.6.5 4.20 32.60 36.80 OK
r-release-linux-x86_64 0.6.5 2.18 32.00 34.18 OK
r-release-macos-arm64 0.6.5 24.00 OK
r-release-macos-x86_64 0.6.5 42.00 OK
r-release-windows-x86_64 0.6.5 5.00 53.00 58.00 OK
r-oldrel-macos-arm64 0.6.5 24.00 OK
r-oldrel-windows-x86_64 0.6.5 4.00 53.00 57.00 OK

Check Details

Version: 0.6.5
Check: data for non-ASCII characters
Result: NOTE Note: found 2085 marked UTF-8 strings Flavors: r-devel-linux-x86_64-fedora-clang, r-devel-linux-x86_64-fedora-gcc