Last updated on 2022-05-29 05:51:05 CEST.
Flavor | Version | Tinstall | Tcheck | Ttotal | Status | Flags |
---|---|---|---|---|---|---|
r-devel-linux-x86_64-debian-clang | 0.2.5 | 35.62 | 304.13 | 339.75 | OK | |
r-devel-linux-x86_64-debian-gcc | 0.2.5 | 27.12 | 224.14 | 251.26 | OK | |
r-devel-linux-x86_64-fedora-clang | 0.2.5 | 307.16 | NOTE | |||
r-devel-linux-x86_64-fedora-gcc | 0.2.5 | 388.83 | NOTE | |||
r-devel-windows-x86_64 | 0.2.5 | 39.00 | 278.00 | 317.00 | OK | |
r-patched-linux-x86_64 | 0.2.5 | 29.14 | 283.11 | 312.25 | OK | |
r-release-linux-x86_64 | 0.2.5 | 31.71 | 286.82 | 318.53 | OK | |
r-release-macos-arm64 | 0.2.5 | 82.00 | NOTE | |||
r-release-macos-x86_64 | 0.2.5 | 177.00 | NOTE | |||
r-release-windows-x86_64 | 0.2.5 | 37.00 | 285.00 | 322.00 | OK | |
r-oldrel-macos-arm64 | 0.2.5 | 54.00 | NOTE | |||
r-oldrel-macos-x86_64 | 0.2.5 | 67.00 | NOTE | |||
r-oldrel-windows-ix86+x86_64 | 0.2.5 | 74.00 | 307.00 | 381.00 | OK |
Version: 0.2.5
Check: data for non-ASCII characters
Result: NOTE
Note: found 64 marked Latin-1 strings
Note: found 25 marked UTF-8 strings
Flavors: r-devel-linux-x86_64-fedora-clang, r-devel-linux-x86_64-fedora-gcc, r-release-macos-arm64, r-release-macos-x86_64, r-oldrel-macos-arm64, r-oldrel-macos-x86_64