CRAN Package Check Results for Package gethr

Last updated on 2023-01-31 23:52:18 CET.

Flavor Version Tinstall Tcheck Ttotal Status Flags
r-devel-linux-x86_64-debian-clang 0.1.0 5.16 57.31 62.47 NOTE
r-devel-linux-x86_64-debian-gcc 0.1.0 3.95 43.23 47.18 NOTE
r-devel-linux-x86_64-fedora-clang 0.1.0 77.50 NOTE
r-devel-linux-x86_64-fedora-gcc 0.1.0 76.11 NOTE
r-devel-windows-x86_64 0.1.0 46.00 139.00 185.00 NOTE
r-patched-linux-x86_64 0.1.0 10.34 46.04 56.38 NOTE
r-release-linux-x86_64 0.1.0 4.68 46.02 50.70 NOTE
r-release-macos-arm64 0.1.0 24.00 NOTE
r-release-macos-x86_64 0.1.0 35.00 NOTE
r-release-windows-x86_64 0.1.0 63.00 109.00 172.00 NOTE
r-oldrel-macos-arm64 0.1.0 32.00 NOTE
r-oldrel-macos-x86_64 0.1.0 37.00 NOTE
r-oldrel-windows-ix86+x86_64 0.1.0 10.00 91.00 101.00 NOTE

Additional issues

donttest

Check Details

Version: 0.1.0
Check: LazyData
Result: NOTE
     'LazyData' is specified without a 'data' directory
Flavors: r-devel-linux-x86_64-debian-clang, r-devel-linux-x86_64-debian-gcc, r-devel-linux-x86_64-fedora-clang, r-devel-linux-x86_64-fedora-gcc, r-devel-windows-x86_64, r-patched-linux-x86_64, r-release-linux-x86_64, r-release-macos-arm64, r-release-macos-x86_64, r-release-windows-x86_64, r-oldrel-macos-arm64, r-oldrel-macos-x86_64, r-oldrel-windows-ix86+x86_64