CRAN Package Check Results for Package gfiUltra

Last updated on 2022-05-18 06:50:42 CEST.

Flavor Version Tinstall Tcheck Ttotal Status Flags
r-devel-linux-x86_64-debian-clang 1.0.0 7.09 83.11 90.20 NOTE
r-devel-linux-x86_64-debian-gcc 1.0.0 5.90 63.44 69.34 NOTE
r-devel-linux-x86_64-fedora-clang 1.0.0 107.97 NOTE
r-devel-linux-x86_64-fedora-gcc 1.0.0 105.61 NOTE
r-devel-windows-x86_64 1.0.0 17.00 93.00 110.00 NOTE
r-patched-linux-x86_64 1.0.0 7.28 80.40 87.68 NOTE
r-release-linux-x86_64 1.0.0 8.11 78.42 86.53 NOTE
r-release-macos-arm64 1.0.0 31.00 NOTE
r-release-macos-x86_64 1.0.0 44.00 NOTE
r-release-windows-x86_64 1.0.0 17.00 94.00 111.00 NOTE
r-oldrel-macos-arm64 1.0.0 37.00 NOTE
r-oldrel-macos-x86_64 1.0.0 51.00 NOTE
r-oldrel-windows-ix86+x86_64 1.0.0 17.00 89.00 106.00 NOTE

Check Details

Version: 1.0.0
Check: LazyData
Result: NOTE
     'LazyData' is specified without a 'data' directory
Flavors: r-devel-linux-x86_64-debian-clang, r-devel-linux-x86_64-debian-gcc, r-devel-linux-x86_64-fedora-clang, r-devel-linux-x86_64-fedora-gcc, r-devel-windows-x86_64, r-patched-linux-x86_64, r-release-linux-x86_64, r-release-macos-arm64, r-release-macos-x86_64, r-release-windows-x86_64, r-oldrel-macos-arm64, r-oldrel-macos-x86_64, r-oldrel-windows-ix86+x86_64