CRAN Package Check Results for Package gg.gap

Last updated on 2022-05-19 08:52:06 CEST.

Flavor Version Tinstall Tcheck Ttotal Status Flags
r-devel-linux-x86_64-debian-clang 1.3 5.63 64.72 70.35 NOTE
r-devel-linux-x86_64-debian-gcc 1.3 3.72 47.98 51.70 NOTE
r-devel-linux-x86_64-fedora-clang 1.3 82.02 NOTE
r-devel-linux-x86_64-fedora-gcc 1.3 78.75 NOTE
r-devel-windows-x86_64 1.3 13.00 74.00 87.00 NOTE
r-patched-linux-x86_64 1.3 4.84 59.13 63.97 NOTE
r-release-linux-x86_64 1.3 4.58 61.17 65.75 NOTE
r-release-macos-arm64 1.3 23.00 NOTE
r-release-macos-x86_64 1.3 42.00 NOTE
r-release-windows-x86_64 1.3 10.00 90.00 100.00 NOTE
r-oldrel-macos-arm64 1.3 27.00 NOTE
r-oldrel-macos-x86_64 1.3 37.00 NOTE
r-oldrel-windows-ix86+x86_64 1.3 16.00 67.00 83.00 NOTE

Check Details

Version: 1.3
Check: LazyData
Result: NOTE
     'LazyData' is specified without a 'data' directory
Flavors: r-devel-linux-x86_64-debian-clang, r-devel-linux-x86_64-debian-gcc, r-devel-linux-x86_64-fedora-clang, r-devel-linux-x86_64-fedora-gcc, r-devel-windows-x86_64, r-patched-linux-x86_64, r-release-linux-x86_64, r-release-macos-arm64, r-release-macos-x86_64, r-release-windows-x86_64, r-oldrel-macos-arm64, r-oldrel-macos-x86_64, r-oldrel-windows-ix86+x86_64