CRAN Package Check Results for Package ggDCA

Last updated on 2022-01-29 08:50:18 CET.

Flavor Version Tinstall Tcheck Ttotal Status Flags
r-devel-linux-x86_64-debian-clang 1.1 16.71 134.00 150.71 OK
r-devel-linux-x86_64-debian-gcc 1.1 11.59 99.27 110.86 OK
r-devel-linux-x86_64-fedora-clang 1.1 200.14 NOTE
r-devel-linux-x86_64-fedora-gcc 1.1 196.30 NOTE
r-devel-windows-x86_64-new-UL 1.1 28.00 141.00 169.00 OK
r-devel-windows-x86_64-new-TK 1.1 NOTE
r-patched-linux-x86_64 1.1 OK
r-release-linux-x86_64 1.1 15.60 140.11 155.71 OK
r-release-macos-arm64 1.1 NOTE
r-release-macos-x86_64 1.1 NOTE
r-release-windows-ix86+x86_64 1.1 42.00 162.00 204.00 OK
r-oldrel-macos-x86_64 1.1 NOTE
r-oldrel-windows-ix86+x86_64 1.1 40.00 161.00 201.00 OK

Check Details

Version: 1.1
Check: dependencies in R code
Result: NOTE
    Namespaces in Imports field not imported from:
     ‘do’ ‘survival’
     All declared Imports should be used.
Flavors: r-devel-linux-x86_64-fedora-clang, r-devel-linux-x86_64-fedora-gcc, r-devel-windows-x86_64-new-TK, r-release-macos-arm64, r-release-macos-x86_64, r-oldrel-macos-x86_64